{"id":1933,"date":"2012-02-22T08:19:47","date_gmt":"2012-02-22T08:19:47","guid":{"rendered":"http:\/\/www2.diocesi.rimini.it\/clarisse\/?page_id=1933"},"modified":"2012-04-18T18:36:07","modified_gmt":"2012-04-18T18:36:07","slug":"domande-per-la-quaresima","status":"publish","type":"page","link":"https:\/\/chiesa.rimini.it\/clarisse\/?page_id=1933","title":{"rendered":"Domande x la Quaresima"},"content":{"rendered":"<p>Cosa fare di questi 40 giorni che ci separano dalla Pasqua?<\/p>\n<p>Lasciare che passino quasi come una coda del carnevale, o prendere sul serio l\u2019invito alla conversione, a cui questo tempo in particolare ci richiama?<\/p>\n<p>Se vogliamo, possiamo tenerci la maschera che spesso mettiamo anche con Dio, per mostrargli che, tutto sommato, siamo dei bravi cristiani. Se invece siamo alla ricerca di un senso e di una pienezza di vita, possiamo accogliere la Quaresima come un tempo favorevole per iniziare un cammino di rinnovamento, che lasci pi\u00f9 spazio all&#8217;ascolto della parola di Dio e alla ricerca di uno stile sobrio e amorevole verso i fratelli, in particolare i poveri e gli ultimi.<\/p>\n<p>Prendendo spunto da un brano della Genesi, il card. Carlo Maria Martini d\u00e0 alcune utili dritte per chi vuole mettersi in gioco.<\/p>\n<p><em>Giacobbe part\u00ec da Bersabea e si diresse verso Carran. Capit\u00f2 cos\u00ec in un luogo, dove pass\u00f2 la notte, perch\u00e9 il sole era tramontato; prese l\u00e0 una pietra, se la pose come guanciale e si coric\u00f2 in quel luogo. Fece un sogno: una scala poggiava sulla terra, mentre la sua cima raggiungeva il cielo; ed ecco, gli angeli di Dio salivano e scendevano su di essa. Ecco, il Signore gli stava davanti e disse: \u00abIo sono il Signore, il Dio di Abramo, tuo padre, e il Dio di Isacco. A te e alla tua discendenza dar\u00f2 la terra sulla quale sei coricato. La tua discendenza sar\u00e0 innumerevole come la polvere della terra; perci\u00f2 ti espanderai a occidente e a oriente, a settentrione e a mezzogiorno. E si diranno benedette, in te e nella tua discendenza, tutte le famiglie della terra. Ecco, io sono con te e ti protegger\u00f2 dovunque tu andrai; poi ti far\u00f2 ritornare in questa terra, perch\u00e9 non ti abbandoner\u00f2 senza aver fatto tutto quello che ti ho detto\u00bb.<\/em><\/p>\n<p><em>Giacobbe si svegli\u00f2 dal sonno e disse: \u00abCerto, il Signore \u00e8 in questo luogo e io non lo sapevo\u00bb\u201d (Gen 28, 10-16)<\/em>\u2028.<\/p>\n<p><em>La nostra esistenza ha delle coordinate invisibili ma sommamente reali. Perch\u00e9, secondo quanto diceva il racconto del \u00a0Piccolo principe, le cose invisibili si vedono col cuore e per\u00f2 sono quelle che contano.\u00a0<\/em><\/p>\n<p><em>Possiamo riprendere le tre coordinate espresse nel brano di Giacobbe: la Provvidenza come sfondo generale; la Parola; la Promessa.\u00a0<\/em><\/p>\n<p><em>\u2013 Come mi situo di fronte alla Provvidenza, ossia quale senso di Dio ho nella mia vita? \u00c8 presente, mi conforta, mi sostiene la coscienza che Dio ha cura di me oppure \u00e8 assente, \u00e8 oscurata dalla prova, dalla tentazione di ateismo, di incredulit\u00e0, di fuga? Tutte queste diverse prove per le quali passiamo non sono solo realt\u00e0 negative, ma costituiscono anche la dinamicit\u00e0 delle nostre relazioni invisibili.\u00a0<\/em><\/p>\n<p><em>\u2013 Quale senso della Parola ho? In particolare, come mi pongo di fronte alla rivelazione vivente che \u00e8 Ges\u00f9 Cristo e di fronte alla rivelazione scritta che \u00e8 la Bibbia, che sono i Vangeli?\u00a0<\/em><\/p>\n<p><em>Sono forse come Giacobbe che deve ammettere: veramente attorno a me c\u2019era la parola di Dio e io non lo sapevo, perch\u00e9 per me contava poco? Oppure mi fido della Parola, ma con momenti di fatica e di oscurit\u00e0?\u00a0<\/em><\/p>\n<p><em>\u2013 La parola di Dio \u00e8 promessa, \u00e8 promessa anche per me, che si traduce nella formula: Io sar\u00f2 con te, io sono con te.\u00a0<\/em><\/p>\n<p><em>Dio non \u00e8 soltanto il Dio di mio padre, della mia gente, della mia stirpe, della mia tradizione, della mia cultura, della mia Chiesa diocesana, ma \u00e8 il Dio per me e con me.\u00a0<\/em><\/p>\n<p><em><\/em><em>Attualizzare in noi la parola di Dio come promessa \u00e8 fondamentalissimo per ogni scelta di vita, fosse pure la pi\u00f9 difficile; mentre l\u2019istintiva paura, angoscia che provo di fronte a certe scelte indica la mancanza del senso della divina promessa.\u00a0<\/em><\/p>\n","protected":false},"excerpt":{"rendered":"<p>Cosa fare di questi 40 giorni che ci separano dalla Pasqua? Lasciare che passino quasi come una coda del carnevale, o prendere sul serio l\u2019invito alla conversione, a cui questo tempo in particolare ci richiama? Se vogliamo, possiamo tenerci la maschera che spesso mettiamo anche con Dio, per mostrargli che, tutto sommato, siamo dei bravi [&hellip;]<\/p>\n","protected":false},"author":2,"featured_media":0,"parent":879,"menu_order":4,"comment_status":"closed","ping_status":"closed","template":"","meta":{"footnotes":""},"class_list":["post-1933","page","type-page","status-publish","hentry"],"_links":{"self":[{"href":"https:\/\/chiesa.rimini.it\/clarisse\/index.php?rest_route=\/wp\/v2\/pages\/1933","targetHints":{"allow":["GET"]}}],"collection":[{"href":"https:\/\/chiesa.rimini.it\/clarisse\/index.php?rest_route=\/wp\/v2\/pages"}],"about":[{"href":"https:\/\/chiesa.rimini.it\/clarisse\/index.php?rest_route=\/wp\/v2\/types\/page"}],"author":[{"embeddable":true,"href":"https:\/\/chiesa.rimini.it\/clarisse\/index.php?rest_route=\/wp\/v2\/users\/2"}],"replies":[{"embeddable":true,"href":"https:\/\/chiesa.rimini.it\/clarisse\/index.php?rest_route=%2Fwp%2Fv2%2Fcomments&post=1933"}],"version-history":[{"count":9,"href":"https:\/\/chiesa.rimini.it\/clarisse\/index.php?rest_route=\/wp\/v2\/pages\/1933\/revisions"}],"predecessor-version":[{"id":2208,"href":"https:\/\/chiesa.rimini.it\/clarisse\/index.php?rest_route=\/wp\/v2\/pages\/1933\/revisions\/2208"}],"up":[{"embeddable":true,"href":"https:\/\/chiesa.rimini.it\/clarisse\/index.php?rest_route=\/wp\/v2\/pages\/879"}],"wp:attachment":[{"href":"https:\/\/chiesa.rimini.it\/clarisse\/index.php?rest_route=%2Fwp%2Fv2%2Fmedia&parent=1933"}],"curies":[{"name":"wp","href":"https:\/\/api.w.org\/{rel}","templated":true}]}}