{"id":114,"date":"2022-07-29T17:34:13","date_gmt":"2022-07-29T15:34:13","guid":{"rendered":"https:\/\/chiesa.rimini.it\/liturgia\/?page_id=114"},"modified":"2025-09-25T09:57:13","modified_gmt":"2025-09-25T07:57:13","slug":"i-ministeri-istituiti-nella-chiesa","status":"publish","type":"page","link":"https:\/\/chiesa.rimini.it\/liturgia\/i-ministri-istituiti\/i-ministeri-istituiti-nella-chiesa\/","title":{"rendered":"i ministeri laicali"},"content":{"rendered":"\n<hr class=\"wp-block-separator has-alpha-channel-opacity\"\/>\n\n\n\n<figure class=\"wp-block-image size-medium\"><img loading=\"lazy\" decoding=\"async\" width=\"300\" height=\"300\" src=\"https:\/\/chiesa.rimini.it\/liturgia\/wp-content\/uploads\/min_isti-ministeri_laicali-300x300.png\" alt=\"\" class=\"wp-image-778\" srcset=\"https:\/\/chiesa.rimini.it\/liturgia\/wp-content\/uploads\/min_isti-ministeri_laicali-300x300.png 300w, https:\/\/chiesa.rimini.it\/liturgia\/wp-content\/uploads\/min_isti-ministeri_laicali-200x200.png 200w, https:\/\/chiesa.rimini.it\/liturgia\/wp-content\/uploads\/min_isti-ministeri_laicali-88x88.png 88w, https:\/\/chiesa.rimini.it\/liturgia\/wp-content\/uploads\/min_isti-ministeri_laicali-508x508.png 508w, https:\/\/chiesa.rimini.it\/liturgia\/wp-content\/uploads\/min_isti-ministeri_laicali.png 512w\" sizes=\"auto, (max-width: 300px) 100vw, 300px\" \/><\/figure>\n\n\n\n<p class=\"has-text-color has-larger-font-size\" style=\"color:#00807d\">PAOLO VI<\/p>\n\n\n\n<p class=\"has-text-color has-larger-font-size\" style=\"color:#00807d\">LETTERA APOSTOLICA IN FORMA DI MOTU PROPRIO<\/p>\n\n\n\n<p class=\"has-text-color has-larger-font-size\" style=\"color:#00807d\">MINISTERIA QUAEDAM<\/p>\n\n\n\n<p class=\"has-text-color\" style=\"color:#00807d\"><em>VIENE RINNOVATA NELLA CHIESA LATINA LA DISCIPLINA CIRCA LA PRIMA<\/em> <em>TONSURA, GLI ORDINI MINORI E IL SUDDIACONATO<\/em><\/p>\n\n\n\n<div class=\"wp-block-buttons is-layout-flex wp-block-buttons-is-layout-flex\">\n<div class=\"wp-block-button\"><a class=\"wp-block-button__link wp-element-button\" href=\"https:\/\/www.vatican.va\/content\/paul-vi\/it\/motu_proprio\/documents\/hf_p-vi_motu-proprio_19720815_ministeria-quaedam.html\" target=\"_blank\" rel=\"noreferrer noopener\">leggi la lettera apostolica su vatican.va<\/a><\/div>\n<\/div>\n\n\n\n<hr class=\"wp-block-separator has-alpha-channel-opacity\"\/>\n\n\n\n<p class=\"has-text-color\" style=\"color:#00807d\">Il Concilio Vaticano II ha affermato che \u00ab<em>lo Spirito Santo unifica la Chiesa nella comunione e nel ministero, la istruisce e la dirige con diversi doni gerarchici e carismatici, la abbellisce con i suoi frutti<\/em>\u00bb (LG 4).<\/p>\n\n\n\n<p class=\"has-text-color\" style=\"color:#00807d\">[Con i] due Motu proprio<em>&nbsp;Ministeria quaedam e Ad pascendum<\/em>&nbsp;[\u2026] sorge un nuovo ordinamento che investe le intere comunit\u00e0 cristiane e tutti i loro membri. Il<em>&nbsp;Lettorato<\/em>&nbsp;e l\u2019<em>Accolitato<\/em>&nbsp;cessano [\u2026] di essere [\u2026] tappe verso il Presbiterato [e] divengono ministeri pi\u00f9 variamente distribuiti all\u2019interno del popolo di Dio; espletati da membri della Chiesa, operanti in diverse situazioni di vita, sempre corresponsabili della sua missione e compartecipi, con i vescovi, i presbiteri e i diaconi alla sua azione liturgica e alla sua presenza nel mondo.<\/p>\n\n\n\n<p class=\"has-text-color\" style=\"color:#00807d\">[\u2026] La prospettiva della natura e dei compiti dei due ministeri [\u2026] \u00e8 determinata dal rapporto che essi vengono ad assumere nei confronti del mistero sacramentale, che culmina nella Celebrazione Eucaristica e si trasfonde nella vita. Cos\u00ec il&nbsp;<em>Lettore<\/em>&nbsp;che annuncia le Scritture non pu\u00f2 non essere, nella comunit\u00e0, catechista, evangelizzatore, testimone. E l\u2019<em>Accolito<\/em>, che, accanto al diacono, \u00e8 servitore dell\u2019altare e collaboratore del presbitero, ministro dell\u2019Eucaristia e della carit\u00e0, \u00e8 chiamato specialmente ad essere animatore di unione fraterna e promotore di culto a Dio in Spirito e verit\u00e0. (CEI,&nbsp;<em>I Ministeri nella Chiesa, 1d<\/em>)<\/p>\n\n\n\n<div class=\"wp-block-buttons is-layout-flex wp-block-buttons-is-layout-flex\">\n<div class=\"wp-block-button\"><a class=\"wp-block-button__link wp-element-button\" href=\"https:\/\/www.chiesacattolica.it\/wp-content\/uploads\/sites\/31\/2017\/02\/I_ministeri_nella_Chiesa.pdf\" target=\"_blank\" rel=\"noreferrer noopener\">vai al documento della CEI<\/a><\/div>\n<\/div>\n\n\n\n<hr class=\"wp-block-separator has-alpha-channel-opacity\"\/>\n\n\n\n<p class=\"has-text-color has-larger-font-size\" style=\"color:#00807d\">LETTERA APOSTOLICA&nbsp;IN FORMA DI \u00abMOTU PROPRIO\u00bb<\/p>\n\n\n\n<p class=\"has-text-color has-larger-font-size\" style=\"color:#00807d\">SPIRITUS DOMINI<\/p>\n\n\n\n<p class=\"has-text-color\" style=\"color:#00807d\">DEL SOMMO PONTEFICE&nbsp;FRANCESCO<\/p>\n\n\n\n<p class=\"has-text-color\" style=\"color:#00807d\"><em>SULLA MODIFICA DEL CAN. 230 \u00a7 1 DEL&nbsp;CODICE DI DIRITTO CANONICO<br>CIRCA L\u2019ACCESSO DELLE PERSONE DI SESSO FEMMINILE AL MINISTERO ISTITUITO&nbsp;DEL LETTORATO E DELL\u2019ACCOLITATO.&nbsp;<\/em><\/p>\n\n\n\n<div class=\"wp-block-buttons is-layout-flex wp-block-buttons-is-layout-flex\">\n<div class=\"wp-block-button\"><a class=\"wp-block-button__link wp-element-button\" href=\"https:\/\/www.vatican.va\/content\/francesco\/it\/motu_proprio\/documents\/papa-francesco-motu-proprio-20210110_spiritus-domini.html\" target=\"_blank\" rel=\"noreferrer noopener\">leggi la lettera apostolica su vatican.va<\/a><\/div>\n<\/div>\n\n\n\n<hr class=\"wp-block-separator has-alpha-channel-opacity\"\/>\n\n\n\n<p class=\"has-text-color has-larger-font-size\" style=\"color:#00807d\">ISTRUZIONE IMMENSAE CARITATIS<\/p>\n\n\n\n<p class=\"has-text-color\" style=\"color:#00807d\">L\u2019istruzione della Sacra Congregazione per la disciplina dei Sacramenti \u201cImmensae caritatis\u201d, del 29 gennaio 1973, ha istituito i Ministri Straordinari della Comunione perch\u00e9 \u201cnon restino privi dell\u2019aiuto e del conforto di questo sacramento i fedeli che, in stato di grazia e animati da buone disposizioni, desiderano partecipare al banchetto eucaristico\u201d ma che si trovano, per motivi diversi, in qualche difficolt\u00e0. Lo scopo, dunque, \u00e8 quello di dare a tutti coloro che lo desiderano e sono ben disposti la possibilit\u00e0 di comunicarsi.<\/p>\n\n\n\n<p class=\"has-text-color\" style=\"color:#00807d\">\u00c8 compito dei Ministri Straordinari della Comunione distribuire la Santa Comunione quando manca la disponibilit\u00e0 di ministri ordinati:<\/p>\n\n\n\n<ul style=\"color:#00807d\" class=\"wp-block-list has-text-color\">\n<li>durante la Messa, a causa di un grande affollamento di fedeli, o per qualche particolare difficolt\u00e0 in cui venga a trovarsi il celebrante;<\/li>\n\n\n\n<li>fuori della Messa, secondo le disposizioni del Parroco, a malati ed anziani che non possono recarsi in chiesa.<\/li>\n<\/ul>\n\n\n\n<div class=\"wp-block-buttons is-layout-flex wp-block-buttons-is-layout-flex\">\n<div class=\"wp-block-button\"><a class=\"wp-block-button__link wp-element-button\" href=\"https:\/\/www.vatican.va\/roman_curia\/congregations\/cclergy\/documents\/rc_con_interdic_doc_15081997_it.html\" target=\"_blank\" rel=\"noreferrer noopener\">leggi il testo dell&#8217;istruzione su vatican.va<\/a><\/div>\n<\/div>\n\n\n\n<div class=\"wp-block-buttons is-layout-flex wp-block-buttons-is-layout-flex\">\n<div class=\"wp-block-button\"><a class=\"wp-block-button__link wp-element-button\" href=\"https:\/\/www.liturgia.it\/content\/ministeria\/ecclesiae%20de%20mysterio.pdf\" target=\"_blank\" rel=\"noreferrer noopener\">leggi il testo dell&#8217;istruzione in versione stampabile .pdf<\/a><\/div>\n<\/div>\n\n\n\n<div class=\"wp-block-buttons is-layout-flex wp-block-buttons-is-layout-flex\">\n<div class=\"wp-block-button\"><a class=\"wp-block-button__link wp-element-button\" href=\"http:\/\/www.liturgia.maranatha.it\/Benedizionale\/a3\/C1page.htm\" target=\"_blank\" rel=\"noreferrer noopener\">vai al rito per l&#8217;istituzione dei ministri straordinari della comunione<\/a><\/div>\n<\/div>\n\n\n\n<div style=\"height:100px\" aria-hidden=\"true\" class=\"wp-block-spacer\"><\/div>\n\n\n\n<div class=\"wp-block-buttons is-layout-flex wp-block-buttons-is-layout-flex\">\n<div class=\"wp-block-button has-custom-width wp-block-button__width-100\"><a class=\"wp-block-button__link has-light-gray-background-color has-background wp-element-button\" href=\"https:\/\/chiesa.rimini.it\/liturgia\/i-ministri-istituiti\/\">torna indietro<\/a><\/div>\n<\/div>\n\n\n\n<p><\/p>\n","protected":false},"excerpt":{"rendered":"<p>PAOLO VI LETTERA APOSTOLICA IN FORMA DI MOTU PROPRIO MINISTERIA QUAEDAM VIENE RINNOVATA NELLA CHIESA LATINA LA DISCIPLINA CIRCA LA PRIMA TONSURA, GLI ORDINI MINORI E IL SUDDIACONATO&#8230;<\/p>\n","protected":false},"author":2,"featured_media":0,"parent":112,"menu_order":0,"comment_status":"closed","ping_status":"closed","template":"","meta":{"footnotes":""},"class_list":["post-114","page","type-page","status-publish","hentry"],"_links":{"self":[{"href":"https:\/\/chiesa.rimini.it\/liturgia\/wp-json\/wp\/v2\/pages\/114","targetHints":{"allow":["GET"]}}],"collection":[{"href":"https:\/\/chiesa.rimini.it\/liturgia\/wp-json\/wp\/v2\/pages"}],"about":[{"href":"https:\/\/chiesa.rimini.it\/liturgia\/wp-json\/wp\/v2\/types\/page"}],"author":[{"embeddable":true,"href":"https:\/\/chiesa.rimini.it\/liturgia\/wp-json\/wp\/v2\/users\/2"}],"replies":[{"embeddable":true,"href":"https:\/\/chiesa.rimini.it\/liturgia\/wp-json\/wp\/v2\/comments?post=114"}],"version-history":[{"count":9,"href":"https:\/\/chiesa.rimini.it\/liturgia\/wp-json\/wp\/v2\/pages\/114\/revisions"}],"predecessor-version":[{"id":1104,"href":"https:\/\/chiesa.rimini.it\/liturgia\/wp-json\/wp\/v2\/pages\/114\/revisions\/1104"}],"up":[{"embeddable":true,"href":"https:\/\/chiesa.rimini.it\/liturgia\/wp-json\/wp\/v2\/pages\/112"}],"wp:attachment":[{"href":"https:\/\/chiesa.rimini.it\/liturgia\/wp-json\/wp\/v2\/media?parent=114"}],"curies":[{"name":"wp","href":"https:\/\/api.w.org\/{rel}","templated":true}]}}