{"id":157,"date":"2022-08-05T15:43:36","date_gmt":"2022-08-05T13:43:36","guid":{"rendered":"https:\/\/chiesa.rimini.it\/liturgia\/?page_id=157"},"modified":"2023-04-14T18:05:23","modified_gmt":"2023-04-14T16:05:23","slug":"messe-proprie-12-maggio","status":"publish","type":"page","link":"https:\/\/chiesa.rimini.it\/liturgia\/proprio-della-chiesa-riminese\/messe-proprie-12-maggio\/","title":{"rendered":"Messe proprie &#8211; 12 maggio"},"content":{"rendered":"\n<div class=\"wp-block-columns is-layout-flex wp-container-core-columns-is-layout-9d6595d7 wp-block-columns-is-layout-flex\">\n<div class=\"wp-block-column is-layout-flow wp-block-column-is-layout-flow\">\n<h4 class=\"wp-block-heading has-text-color\" style=\"color:#a30202\">12 maggio&nbsp;<\/h4>\n\n\n\n<h2 class=\"wp-block-heading has-text-color\" style=\"color:#a30202\">BEATA&nbsp; MARIA VERGINE&nbsp;<\/h2>\n\n\n\n<h3 class=\"wp-block-heading has-text-color\" style=\"color:#a30202\">MADRE DELLA<\/h3>\n\n\n\n<h3 class=\"wp-block-heading has-text-color\" style=\"color:#a30202\">\u00a0MISERICORDIA\u00a0<\/h3>\n\n\n\n<h5 class=\"wp-block-heading has-text-color\" style=\"color:#a30202\">MEMORIA\u00a0FACOLTATIVA\u00a0<\/h5>\n<\/div>\n\n\n\n<div class=\"wp-block-column is-layout-flow wp-block-column-is-layout-flow\">\n<figure class=\"wp-block-image size-full\"><img loading=\"lazy\" decoding=\"async\" width=\"394\" height=\"492\" src=\"https:\/\/chiesa.rimini.it\/liturgia\/wp-content\/uploads\/proprio12mag.png\" alt=\"\" class=\"wp-image-387\" srcset=\"https:\/\/chiesa.rimini.it\/liturgia\/wp-content\/uploads\/proprio12mag.png 394w, https:\/\/chiesa.rimini.it\/liturgia\/wp-content\/uploads\/proprio12mag-240x300.png 240w\" sizes=\"auto, (max-width: 394px) 100vw, 394px\" \/><\/figure>\n<\/div>\n<\/div>\n\n\n\n<p class=\"has-drop-cap\"><em>La festa della beata Maria Vergine Madre della Misericordia \u00e8 legata ad un prodigio che avvenne il&nbsp;12 maggio 1850, quando l&#8217;immagine della B.V. Maria venerata nella chiesa di santa Chiara, con il titolo di Madre della Misericordia, fu vista da molti cittadini muovere gli occhi. Le indagini sul prodigio furono portate avanti &#8220;diligenter juxta Tridentini Concilii sacrasque criticas regulas&#8221; e il culto, da celebrare nella memoria di questo prodigio, fu approvato da papa Pio IX.<\/em><\/p>\n\n\n\n<hr class=\"wp-block-separator has-alpha-channel-opacity\"\/>\n\n\n\n<p>Dal Comune della Beata Vergine Maria (nel tempo di Pasqua): oppure si pu\u00f2 usare il formulario n. 39 in Messe della Beata Vergine Maria. Raccolta di formulari secondo l&#8217;anno liturgico.&nbsp;<\/p>\n\n\n\n<p><strong>COLLETTA\u00a0<\/strong><\/p>\n\n\n\n<p>Dio, di bont\u00e0 infinita,&nbsp;concedi ai tuoi fedeli,&nbsp;per l&#8217;intercessione della beata Vergine Maria,&nbsp;madre di misericordia,&nbsp;di sperimentare sulla terra la tua clemenza,&nbsp;e di contemplare la tua gloria nel cielo.&nbsp;Per il nostro Signore Ges\u00f9 Cristo, tuo Figlio, che \u00e8 Dio,&nbsp;e vive e regna con te, nell&#8217;unit\u00e0 dello Spirito Santo,&nbsp;per tutti i secoli dei secoli.&nbsp;<\/p>\n\n\n\n<div style=\"height:40px\" aria-hidden=\"true\" class=\"wp-block-spacer\"><\/div>\n\n\n\n<p><strong>PRIMA LETTURA\u00a0<\/strong><\/p>\n\n\n\n<p><em>Dio ricco di misericordia<\/em>.&nbsp;<\/p>\n\n\n\n<p>Dalla lettera di san Paolo apostolo agli Efesini&nbsp;<\/p>\n\n\n\n<p class=\"has-text-align-right\">2,4-10&nbsp;<\/p>\n\n\n\n<p>Fratelli, Dio, ricco di misericordia, per il grande amore con il quale ci ha amati, da morti che eravamo per i peccati, ci ha fatti rivivere con Cristo: per grazia infatti siete stati salvati. Con lui ci ha anche risuscitati e ci ha fatti sedere nei cieli, in Cristo Ges\u00f9, per mostrare nei secoli futuri la straordinaria ricchezza della sua grazia mediante la sua bont\u00e0 verso di noi in Cristo Ges\u00f9.&nbsp;<\/p>\n\n\n\n<p>Per questa grazia infatti siete salvi mediante la fede; e ci\u00f2 non viene da voi, ma \u00e8 dono di Dio; n\u00e9 viene dalle opere, perch\u00e9 nessuno possa vantarsene. Siamo infatti opera sua, creati in Cristo Ges\u00f9 per le opere buone che Dio ha predisposto perch\u00e9 noi le praticassimo.&nbsp;<\/p>\n\n\n\n<p>Parola di Dio.&nbsp;<\/p>\n\n\n\n<div style=\"height:40px\" aria-hidden=\"true\" class=\"wp-block-spacer\"><\/div>\n\n\n\n<p><strong>SALMO RESPONSORIALE\u00a0<\/strong><\/p>\n\n\n\n<p class=\"has-text-align-right\">Dal Sal 102&nbsp;<\/p>\n\n\n\n<p>R.&nbsp;La misericordia del Signore \u00e8 per sempre.&nbsp;<\/p>\n\n\n\n<div style=\"height:40px\" aria-hidden=\"true\" class=\"wp-block-spacer\"><\/div>\n\n\n\n<p>Benedici il Signore, anima mia,\u00a0<\/p>\n\n\n\n<p>quanto \u00e8 in me benedica il suo santo nome.&nbsp;<\/p>\n\n\n\n<p>Benedici il Signore, anima mia,&nbsp;<\/p>\n\n\n\n<p>non dimenticare tanti suoi benefici.<\/p>\n\n\n\n<div style=\"height:40px\" aria-hidden=\"true\" class=\"wp-block-spacer\"><\/div>\n\n\n\n<p>Egli perdona tutte le tue colpe,\u00a0<\/p>\n\n\n\n<p>guarisce tutte le tue malattie;&nbsp;<\/p>\n\n\n\n<p>salva dalla fossa la tua vita,&nbsp;<\/p>\n\n\n\n<p>ti corona di grazia e di misericordia.\u00a0<\/p>\n\n\n\n<div style=\"height:40px\" aria-hidden=\"true\" class=\"wp-block-spacer\"><\/div>\n\n\n\n<p>Il Signore agisce con giustizia\u00a0<\/p>\n\n\n\n<p>e con diritto verso tutti gli oppressi.&nbsp;<\/p>\n\n\n\n<p>Buono e pietoso \u00e8 il Signore,&nbsp;<\/p>\n\n\n\n<p>lento all&#8217;ira e grande nell&#8217;amore.&nbsp;<\/p>\n\n\n\n<div style=\"height:40px\" aria-hidden=\"true\" class=\"wp-block-spacer\"><\/div>\n\n\n\n<p>Come un padre ha piet\u00e0 dei suoi figli,\u00a0<\/p>\n\n\n\n<p>cos\u00ec il Signore ha piet\u00e0 di quanti lo temono.&nbsp;<\/p>\n\n\n\n<p>La grazia del Signore \u00e8 da sempre,&nbsp;<\/p>\n\n\n\n<p>dura in eterno per quanti lo temono;&nbsp;<\/p>\n\n\n\n<p>la sua giustizia per i figli dei figli. &nbsp;<\/p>\n\n\n\n<div style=\"height:40px\" aria-hidden=\"true\" class=\"wp-block-spacer\"><\/div>\n\n\n\n<p><strong>CANTO AL VANGELO\u00a0<\/strong><\/p>\n\n\n\n<p>R.&nbsp;Alleluia, alleluia.&nbsp;<\/p>\n\n\n\n<p>Salve, Madre del Signore, Regina di misericordia,&nbsp;conforto per tutti&nbsp;e speranza dei miseri.&nbsp;<\/p>\n\n\n\n<p>R.\u00a0Alleluia.\u00a0<\/p>\n\n\n\n<div style=\"height:40px\" aria-hidden=\"true\" class=\"wp-block-spacer\"><\/div>\n\n\n\n<p><strong>VANGELO\u00a0<\/strong><\/p>\n\n\n\n<p><em>Di generazione in generazione la sua misericordia su quelli che lo temono.<\/em><em>&nbsp;<\/em><\/p>\n\n\n\n<p>Dal vangelo secondo Luca&nbsp;<\/p>\n\n\n\n<p class=\"has-text-align-right\">Cfr 1,39-55&nbsp;<\/p>\n\n\n\n<p>In quei giorni Maria si mise in viaggio verso la montagna e raggiunse in fretta una citt\u00e0 di Giuda. Entrata nella casa di Zaccaria, salut\u00f2 Elisabetta. Appena Elisabetta ebbe udito il saluto di Maria, il bambino le sussult\u00f2 nel grembo. Elisabetta fu piena di Spirito Santo ed esclam\u00f2 a gran voce: \u00abBenedetta tu fra le donne e benedetto il frutto del tuo grembo! A che debbo che la madre del mio Signore venga a me? Ecco, appena la voce del tuo saluto \u00e8 giunta ai miei orecchi, il bambino ha esultato di gioia nel mio grembo. E beata colei che ha creduto nell&#8217;adempimento delle parole del Signore\u00bb.<\/p>\n\n\n\n<p>Allora Maria disse:&nbsp;<\/p>\n\n\n\n<p>\u00abL&#8217;anima mia magnifica il Signore&nbsp;<\/p>\n\n\n\n<p>e il mio spirito esulta in Dio, mio salvatore,&nbsp;<\/p>\n\n\n\n<p>perch\u00e9 ha guardato l&#8217;umilt\u00e0 della sua serva.&nbsp;<\/p>\n\n\n\n<p>D&#8217;ora in poi tutte le generazioni mi chiameranno beata.&nbsp;<\/p>\n\n\n\n<p>Grandi cose ha fatto in me l&#8217;Onnipotente&nbsp;<\/p>\n\n\n\n<p>e Santo \u00e8 il suo nome:&nbsp;<\/p>\n\n\n\n<p>di generazione in generazione la sua misericordia&nbsp;<\/p>\n\n\n\n<p>si stende su quelli che lo temono.&nbsp;<\/p>\n\n\n\n<p>Ha spiegato la potenza del suo braccio,&nbsp;<\/p>\n\n\n\n<p>ha disperso i superbi nei pensieri del loro cuore;&nbsp;<\/p>\n\n\n\n<p>ha rovesciato i potenti dai troni,&nbsp;<\/p>\n\n\n\n<p>ha innalzato gli umili;&nbsp;<\/p>\n\n\n\n<p>ha ricolmato di beni gli affamati,&nbsp;<\/p>\n\n\n\n<p>ha rimandato a mani vuote i ricchi.&nbsp;<\/p>\n\n\n\n<p>Ha soccorso Israele, suo servo,&nbsp;<\/p>\n\n\n\n<p>ricordandosi della sua misericordia,&nbsp;<\/p>\n\n\n\n<p>come aveva promesso ai nostri padri,&nbsp;<\/p>\n\n\n\n<p>ad Abramo e alla sua discendenza, per sempre\u00bb.&nbsp;<\/p>\n\n\n\n<p>Parola del Signore.&nbsp;<\/p>\n","protected":false},"excerpt":{"rendered":"<p>12 maggio&nbsp; BEATA&nbsp; MARIA VERGINE&nbsp; MADRE DELLA \u00a0MISERICORDIA\u00a0 MEMORIA\u00a0FACOLTATIVA\u00a0 La festa della beata Maria Vergine Madre della Misericordia \u00e8 legata ad un prodigio che avvenne il&nbsp;12 maggio 1850,&#8230;<\/p>\n","protected":false},"author":2,"featured_media":0,"parent":40,"menu_order":0,"comment_status":"closed","ping_status":"closed","template":"","meta":{"footnotes":""},"class_list":["post-157","page","type-page","status-publish","hentry"],"_links":{"self":[{"href":"https:\/\/chiesa.rimini.it\/liturgia\/wp-json\/wp\/v2\/pages\/157","targetHints":{"allow":["GET"]}}],"collection":[{"href":"https:\/\/chiesa.rimini.it\/liturgia\/wp-json\/wp\/v2\/pages"}],"about":[{"href":"https:\/\/chiesa.rimini.it\/liturgia\/wp-json\/wp\/v2\/types\/page"}],"author":[{"embeddable":true,"href":"https:\/\/chiesa.rimini.it\/liturgia\/wp-json\/wp\/v2\/users\/2"}],"replies":[{"embeddable":true,"href":"https:\/\/chiesa.rimini.it\/liturgia\/wp-json\/wp\/v2\/comments?post=157"}],"version-history":[{"count":9,"href":"https:\/\/chiesa.rimini.it\/liturgia\/wp-json\/wp\/v2\/pages\/157\/revisions"}],"predecessor-version":[{"id":505,"href":"https:\/\/chiesa.rimini.it\/liturgia\/wp-json\/wp\/v2\/pages\/157\/revisions\/505"}],"up":[{"embeddable":true,"href":"https:\/\/chiesa.rimini.it\/liturgia\/wp-json\/wp\/v2\/pages\/40"}],"wp:attachment":[{"href":"https:\/\/chiesa.rimini.it\/liturgia\/wp-json\/wp\/v2\/media?parent=157"}],"curies":[{"name":"wp","href":"https:\/\/api.w.org\/{rel}","templated":true}]}}