{"id":163,"date":"2022-08-05T15:44:36","date_gmt":"2022-08-05T13:44:36","guid":{"rendered":"https:\/\/chiesa.rimini.it\/liturgia\/?page_id=163"},"modified":"2023-04-14T18:11:07","modified_gmt":"2023-04-14T16:11:07","slug":"messe-proprie-23-luglio","status":"publish","type":"page","link":"https:\/\/chiesa.rimini.it\/liturgia\/proprio-della-chiesa-riminese\/messe-proprie-23-luglio\/","title":{"rendered":"Messe proprie &#8211; 23 luglio"},"content":{"rendered":"\n<div class=\"wp-block-columns is-layout-flex wp-container-core-columns-is-layout-9d6595d7 wp-block-columns-is-layout-flex\">\n<div class=\"wp-block-column is-layout-flow wp-block-column-is-layout-flow\">\n<h4 class=\"wp-block-heading has-text-color\" style=\"color:#a30202\">23 luglio&nbsp;<\/h4>\n\n\n\n<h2 class=\"wp-block-heading has-text-color\" style=\"color:#a30202\"><strong>SANT&#8217; APOLLINARE&nbsp;<\/strong><\/h2>\n\n\n\n<h2 class=\"wp-block-heading has-text-color\" style=\"color:#a30202\"><strong>vescovo e martire&nbsp;<\/strong><\/h2>\n\n\n\n<h4 class=\"wp-block-heading has-text-color\" style=\"color:#a30202\"><strong>patrono dell&#8217;Emilia-Romagna<\/strong><\/h4>\n\n\n\n<h4 class=\"wp-block-heading has-text-color\" style=\"color:#a30202\">FESTA&nbsp;<\/h4>\n<\/div>\n\n\n\n<div class=\"wp-block-column is-layout-flow wp-block-column-is-layout-flow\">\n<figure class=\"wp-block-image size-full\"><img loading=\"lazy\" decoding=\"async\" width=\"399\" height=\"490\" src=\"https:\/\/chiesa.rimini.it\/liturgia\/wp-content\/uploads\/proprio23lug.png\" alt=\"\" class=\"wp-image-393\" srcset=\"https:\/\/chiesa.rimini.it\/liturgia\/wp-content\/uploads\/proprio23lug.png 399w, https:\/\/chiesa.rimini.it\/liturgia\/wp-content\/uploads\/proprio23lug-244x300.png 244w\" sizes=\"auto, (max-width: 399px) 100vw, 399px\" \/><\/figure>\n<\/div>\n<\/div>\n\n\n\n<p class=\"has-drop-cap\"><em>Apollinare fu il protovescovo di Ravenna e sembra che sia vissuto verso la met\u00e0 del II secolo. Secondo la tradizione (Passi o Sancti Apollinaris) Apollinare fu mandato ad evangelizzare Ravenna dallo stesso apostolo san Pietro; qui predica il vangelo e compie numerosi miracoli; esiliato, compie varie peregrinazioni in Oriente, dove continua la sua attivit\u00e0 apostolica; tornato a Ravenna, vi subisce persecuzioni e tormenti, e muore, per le ferite riportate, il 23 luglio. Il culto di sant&#8217; Apollinare ebbe una vastissima diffusione fin dall&#8217; Alto Medioevo.&nbsp;<\/em><\/p>\n\n\n\n<hr class=\"wp-block-separator has-alpha-channel-opacity\"\/>\n\n\n\n<p><strong>ANTIFONA D&#8217;INGRESSO<\/strong><\/p>\n\n\n\n<p>Sacerdoti di Dio, benedite il Signore,&nbsp;santi e umili di cuore, lodatelo.&nbsp;Tutte le opere del Signore benedicano,&nbsp;lodino, esaltino il Signore per tutti i secoli&nbsp;<\/p>\n\n\n\n<p class=\"has-text-align-right\">Dn 3,57.84.87&nbsp;<\/p>\n\n\n\n<p>Si dice il\u00a0Gloria\u00a0<\/p>\n\n\n\n<div style=\"height:40px\" aria-hidden=\"true\" class=\"wp-block-spacer\"><\/div>\n\n\n\n<p><strong>COLLETTA\u00a0<\/strong><\/p>\n\n\n\n<p>O Dio, eterna ricompensa dei tuoi servi fedeli,&nbsp;che hai santificato questo giorno&nbsp;con il martirio del santo vescovo Apollinare,&nbsp;per sua intercessione concedi a noi,&nbsp;che lo veneriamo maestro e protettore,&nbsp;di sperimentare la dolcezza della tua misericordia.&nbsp;Per il nostro Signore Ges\u00f9 Cristo, tuo Figlio, che \u00e8 Dio,&nbsp;e vive e regna con te, nell&#8217;unit\u00e0 dello Spirito Santo,&nbsp;per tutti i secoli dei secoli.&nbsp;<\/p>\n\n\n\n<div style=\"height:40px\" aria-hidden=\"true\" class=\"wp-block-spacer\"><\/div>\n\n\n\n<p><strong>PRIMA LETTURA\u00a0<\/strong><\/p>\n\n\n\n<p><em>Come un pastore passa in rassegna il suo gregge, cos\u00ec io passer\u00f2 in rassegna le mie pecore.<\/em><em>&nbsp;<\/em><\/p>\n\n\n\n<p>Dal libro del profeta Ezechi\u00e8le&nbsp;<\/p>\n\n\n\n<p class=\"has-text-align-right\">34,11-16&nbsp;<\/p>\n\n\n\n<p>Cos\u00ec dice il Signore: \u00abEcco, io stesso cercher\u00f2 le mie pecore e ne avr\u00f2 cura. Come un pastore passa in rassegna il suo gregge quando si trova in mezzo alle sue pecore che erano state disperse, cos\u00ec io passer\u00f2 in rassegna le mie pecore e le raduner\u00f2 da tutti i luoghi dove erano disperse nei giorni nuvolosi e di caligine. Le ritirer\u00f2 dai popoli e le raduner\u00f2 da tutte le regioni. Le ricondurr\u00f2 nella loro terra e le far\u00f2 pascolare sui monti d&#8217;Israele, nelle valli e in tutte le praterie della regione. Le condurr\u00f2 in ottime pasture e il loro ovile sar\u00e0 sui monti alti d&#8217;Israele; l\u00e0 riposeranno in un buon ovile e avranno rigogliosi pascoli sui monti d&#8217;Israele. Iu stesso condurr\u00f2 le mie pecore al pascolo e io le far\u00f2 riposare. Oracolo del Signore Dio. Andr\u00f2 in cerca della pecora perduta e ricondurr\u00f2 all&#8217;ovile quella smarrita; fascer\u00f2 quella ferita e curer\u00f2 quella malata, avr\u00f2 cura della grassa e della forte; le pascer\u00f2 con giustizia\u00bb.&nbsp;<\/p>\n\n\n\n<p>Parola di Dio.&nbsp;<\/p>\n\n\n\n<div style=\"height:40px\" aria-hidden=\"true\" class=\"wp-block-spacer\"><\/div>\n\n\n\n<p><strong>SALMO RESPONSORIALE\u00a0<\/strong><\/p>\n\n\n\n<p class=\"has-text-align-right\">Sal 22&nbsp;<\/p>\n\n\n\n<p>R.&nbsp;Il Signore \u00e8 il mio pastore: non manco di nulla.&nbsp;<\/p>\n\n\n\n<div style=\"height:40px\" aria-hidden=\"true\" class=\"wp-block-spacer\"><\/div>\n\n\n\n<p>Su pascoli erbosi mi fa riposare\u00a0<\/p>\n\n\n\n<p>ad acque tranquille mi conduce.&nbsp;<\/p>\n\n\n\n<p>Mi rinfranca, mi guida per il giusto cammino,&nbsp;<\/p>\n\n\n\n<p>per amore del suo nome.\u00a0<\/p>\n\n\n\n<div style=\"height:40px\" aria-hidden=\"true\" class=\"wp-block-spacer\"><\/div>\n\n\n\n<p>Se dovessi camminare in una valle oscura,&nbsp;<\/p>\n\n\n\n<p>non temerei alcun male, perch\u00e9 tu sei con me.&nbsp;<\/p>\n\n\n\n<p>Il tuo bastone e il tuo vincastro&nbsp;<\/p>\n\n\n\n<p>mi danno sicurezza.\u00a0<\/p>\n\n\n\n<div style=\"height:40px\" aria-hidden=\"true\" class=\"wp-block-spacer\"><\/div>\n\n\n\n<p>Davanti a me tu prepari una mensa&nbsp;<\/p>\n\n\n\n<p>sotto gli occhi dei miei nemici;&nbsp;<\/p>\n\n\n\n<p>cospargi di olio il mio capo.&nbsp;<\/p>\n\n\n\n<p>Il mio calice trabocca.\u00a0<\/p>\n\n\n\n<div style=\"height:40px\" aria-hidden=\"true\" class=\"wp-block-spacer\"><\/div>\n\n\n\n<p>Felicit\u00e0 e grazia mi saranno compagne&nbsp;<\/p>\n\n\n\n<p>tutti i giorni della mia vita,&nbsp;<\/p>\n\n\n\n<p>e abiter\u00f2 nella casa del Signore&nbsp;<\/p>\n\n\n\n<p>per lunghissimi anni.\u00a0<\/p>\n\n\n\n<div style=\"height:40px\" aria-hidden=\"true\" class=\"wp-block-spacer\"><\/div>\n\n\n\n<p><strong>CANTO AL VANGELO\u00a0<\/strong><\/p>\n\n\n\n<p class=\"has-text-align-right\">Gv l0,14&nbsp;<\/p>\n\n\n\n<p>R.&nbsp;Alleluia, alleluia.&nbsp;<\/p>\n\n\n\n<p>lo sono il buon pastore, dice il Signore;&nbsp;conosco le mie pecore e le mie pecore conoscono me.&nbsp;<\/p>\n\n\n\n<p>R.\u00a0Alleluia.\u00a0<\/p>\n\n\n\n<div style=\"height:40px\" aria-hidden=\"true\" class=\"wp-block-spacer\"><\/div>\n\n\n\n<p><strong>VANGELO\u00a0<\/strong><\/p>\n\n\n\n<p><em>Il buon pastore offre la vita per le pecore.<\/em><em>&nbsp;<\/em><\/p>\n\n\n\n<p>Dal vangelo secondo Matteo&nbsp;<\/p>\n\n\n\n<p class=\"has-text-align-right\">10,11-16&nbsp;<\/p>\n\n\n\n<p>In quel tempo Ges\u00f9 disse: \u00ablo sono il buon pastore. Il buon pastore offre la vita per le pecore. Il mercenario invece, che non \u00e8 pastore e al quale le pecore non appartengono, vede venire il lupo, abbandona le pecore e fugge e il lupo le rapisce e le disperde; egli \u00e8 un mercenario e non gli importa delle pecore. lo sono il buon pastore, conosco le mie pecore e le mie pecore conoscono me, come il Padre conosce me e io conosco il Padre; e offro la vita per le pecore. E ho altre pecore che non sono di quest&#8217;ovile; anche queste io devo condurre; ascolteranno la mia voce e diventeranno un solo gregge e un solo pastore\u00bb.&nbsp;<\/p>\n\n\n\n<p>Parola del Signore\u00a0<\/p>\n\n\n\n<div style=\"height:40px\" aria-hidden=\"true\" class=\"wp-block-spacer\"><\/div>\n\n\n\n<p><strong>SULLE OFFERTE\u00a0<\/strong><\/p>\n\n\n\n<p>Accetta, o Padre santo, il nostro sacrificio spirituale,&nbsp;come hai gradito l&#8217;offerta di sant&#8217; Apollinare,&nbsp;che conferm\u00f2 con il sangue l&#8217;annunzio della fede;&nbsp;e fa&#8217; che tutta la nostra vita&nbsp;sia lode perenne al tuo nome.&nbsp;Per Cristo nostro Signore.&nbsp;<\/p>\n\n\n\n<div style=\"height:40px\" aria-hidden=\"true\" class=\"wp-block-spacer\"><\/div>\n\n\n\n<p><strong>PREFAZIO\u00a0<\/strong><\/p>\n\n\n\n<p>V.&nbsp;Il Signore sia con voi.&nbsp;<\/p>\n\n\n\n<p>R.&nbsp;E con il tuo spirito.&nbsp;<\/p>\n\n\n\n<p>V.&nbsp;In alto i vostri cuori.&nbsp;<\/p>\n\n\n\n<p>R.&nbsp;Sono rivolti al Signore.&nbsp;<\/p>\n\n\n\n<p>V.&nbsp;Rendiamo grazie al Signore, nostro Dio.&nbsp;<\/p>\n\n\n\n<p>R.&nbsp;E&#8217; cosa buona e giusta.&nbsp;<\/p>\n\n\n\n<p>E&#8217;\u00a0veramente cosa buona e giusta,\u00a0nostro dovere e fonte di salvezza,\u00a0rendere grazie sempre e in ogni luogo\u00a0a Te, Signore, Padre santo,\u00a0Dio onnipotente ed eterno.\u00a0Tu hai suscitato nella tua Chiesa Apollinare\u00a0che, rivestito della grazia dell&#8217;Episcopato\u00a0e della gloria del martirio,\u00a0un\u00ec l&#8217;offerta della vita al sacrificio eucaristico,\u00a0e trasse dal seme del Vangelo\u00a0un&#8217;abbondante messe per il regno dei cieli.\u00a0E noi con tutti gli angeli del cielo\u00a0innalziamo a te il nostro canto,\u00a0e proclamiamo insieme la tua gloria:<\/p>\n\n\n\n<div style=\"height:40px\" aria-hidden=\"true\" class=\"wp-block-spacer\"><\/div>\n\n\n\n<p>Santo, Santo, Santo&nbsp;il Signore Dio dell\u2019universo.<\/p>\n\n\n\n<p>I cieli sono pieni della tua gloria.<\/p>\n\n\n\n<p>Osanna nell\u2019alto dei cieli.<\/p>\n\n\n\n<p>Benedetto colui che viene nel nome del Signore.<\/p>\n\n\n\n<p>Osanna nell\u2019alto dei cieli.<\/p>\n\n\n\n<div style=\"height:40px\" aria-hidden=\"true\" class=\"wp-block-spacer\"><\/div>\n\n\n\n<p><strong>ANTIFONA ALLA COMUNIONE<\/strong><\/p>\n\n\n\n<p>Altre pecore ascolteranno la mia voce E si avr\u00e0 un dolo gregge e un solo Pastore.<\/p>\n\n\n\n<p class=\"has-text-align-right\">Gv 10,16<\/p>\n\n\n\n<div style=\"height:40px\" aria-hidden=\"true\" class=\"wp-block-spacer\"><\/div>\n\n\n\n<p><strong>DOPO LA COMUNIONE<\/strong><\/p>\n\n\n\n<p>O Dio, che ci hai nutriti alla tua mensa, nel glorioso ricordo del santo martire Apollinare, donaci di partecipare all\u2019eterno convito, che ci hai fatto pregustare in questo sacramento. Per Cristo nostro Signore.<\/p>\n","protected":false},"excerpt":{"rendered":"<p>23 luglio&nbsp; SANT&#8217; APOLLINARE&nbsp; vescovo e martire&nbsp; patrono dell&#8217;Emilia-Romagna FESTA&nbsp; Apollinare fu il protovescovo di Ravenna e sembra che sia vissuto verso la met\u00e0 del II secolo. Secondo&#8230;<\/p>\n","protected":false},"author":2,"featured_media":0,"parent":40,"menu_order":0,"comment_status":"closed","ping_status":"closed","template":"","meta":{"footnotes":""},"class_list":["post-163","page","type-page","status-publish","hentry"],"_links":{"self":[{"href":"https:\/\/chiesa.rimini.it\/liturgia\/wp-json\/wp\/v2\/pages\/163","targetHints":{"allow":["GET"]}}],"collection":[{"href":"https:\/\/chiesa.rimini.it\/liturgia\/wp-json\/wp\/v2\/pages"}],"about":[{"href":"https:\/\/chiesa.rimini.it\/liturgia\/wp-json\/wp\/v2\/types\/page"}],"author":[{"embeddable":true,"href":"https:\/\/chiesa.rimini.it\/liturgia\/wp-json\/wp\/v2\/users\/2"}],"replies":[{"embeddable":true,"href":"https:\/\/chiesa.rimini.it\/liturgia\/wp-json\/wp\/v2\/comments?post=163"}],"version-history":[{"count":5,"href":"https:\/\/chiesa.rimini.it\/liturgia\/wp-json\/wp\/v2\/pages\/163\/revisions"}],"predecessor-version":[{"id":509,"href":"https:\/\/chiesa.rimini.it\/liturgia\/wp-json\/wp\/v2\/pages\/163\/revisions\/509"}],"up":[{"embeddable":true,"href":"https:\/\/chiesa.rimini.it\/liturgia\/wp-json\/wp\/v2\/pages\/40"}],"wp:attachment":[{"href":"https:\/\/chiesa.rimini.it\/liturgia\/wp-json\/wp\/v2\/media?parent=163"}],"curies":[{"name":"wp","href":"https:\/\/api.w.org\/{rel}","templated":true}]}}