{"id":173,"date":"2022-08-05T15:46:07","date_gmt":"2022-08-05T13:46:07","guid":{"rendered":"https:\/\/chiesa.rimini.it\/liturgia\/?page_id=173"},"modified":"2023-04-14T18:18:33","modified_gmt":"2023-04-14T16:18:33","slug":"messe-proprie-5-ottobre","status":"publish","type":"page","link":"https:\/\/chiesa.rimini.it\/liturgia\/proprio-della-chiesa-riminese\/messe-proprie-5-ottobre\/","title":{"rendered":"Messe proprie &#8211; 5 ottobre"},"content":{"rendered":"\n<div class=\"wp-block-columns is-layout-flex wp-container-core-columns-is-layout-9d6595d7 wp-block-columns-is-layout-flex\">\n<div class=\"wp-block-column is-layout-flow wp-block-column-is-layout-flow\">\n<h4 class=\"wp-block-heading has-text-color\" style=\"color:#a30202\">5 ottobre<\/h4>\n\n\n\n<h2 class=\"wp-block-heading has-text-color\" style=\"color:#a30202\">BEATO ALBERTO MARVELLI<\/h2>\n\n\n\n<h4 class=\"wp-block-heading has-text-color\" style=\"color:#a30202\">Memoria facoltativa<\/h4>\n<\/div>\n\n\n\n<div class=\"wp-block-column is-layout-flow wp-block-column-is-layout-flow\">\n<figure class=\"wp-block-image size-full\"><img loading=\"lazy\" decoding=\"async\" width=\"500\" height=\"545\" src=\"https:\/\/chiesa.rimini.it\/liturgia\/wp-content\/uploads\/proprio5ott.png\" alt=\"\" class=\"wp-image-467\" srcset=\"https:\/\/chiesa.rimini.it\/liturgia\/wp-content\/uploads\/proprio5ott.png 500w, https:\/\/chiesa.rimini.it\/liturgia\/wp-content\/uploads\/proprio5ott-275x300.png 275w\" sizes=\"auto, (max-width: 500px) 100vw, 500px\" \/><\/figure>\n<\/div>\n<\/div>\n\n\n\n<p class=\"has-drop-cap\"><em>Alberto Marvelli nacque a Ferrara il 21 marzo 1918, ma visse e crebbe a Rimini, dove la sua famiglia si era trasferita. All&#8217;Universit\u00e0 di Bologna consegu\u00ec la laurea in ingegneria meccanica. Fu attivo protagonista della vita ecclesiale, sociale e politica della sua citt\u00e0. Fra i vari incarichi pubblici fu anche assessore comunale. Serv\u00ec Cristo nei poveri con fervido amore. Con costante impegno progred\u00ec nell\u2019unione con Dio e esercit\u00f2 un attivo apostolato in molteplici campi. Investito da un veicolo militare, mor\u00ec il 5 ottobre 1946.<\/em><\/p>\n\n\n\n<hr class=\"wp-block-separator has-alpha-channel-opacity\"\/>\n\n\n\n<p><strong>ANTIFONA D&#8217;INGRESSO\u00a0<\/strong><\/p>\n\n\n\n<p>Il giusto si allieter\u00e0 nel Signore,&nbsp; riporr\u00e0 in lui la sua speranza;&nbsp;tutti i retti di cuore ne gioiranno&nbsp;&nbsp;<\/p>\n\n\n\n<p class=\"has-text-align-right\">Sal 63, 11<\/p>\n\n\n\n<div style=\"height:40px\" aria-hidden=\"true\" class=\"wp-block-spacer\"><\/div>\n\n\n\n<p><strong>COLLETTA\u00a0<\/strong><\/p>\n\n\n\n<p>O Dio, fonte di vita e di santit\u00e0,&nbsp;che hai dato al Beato Alberto&nbsp;di servire i poveri con ardente amore&nbsp;e di amministrare la comunit\u00e0 sociale con sentire evangelico,&nbsp;per sua intercessione, concedi a noi&nbsp;di promuovere un generoso servizio verso tutti,&nbsp;valutando con sapienza i beni terreni.&nbsp;Per il nostro Signore Ges\u00f9 Cristo, tuo Figlio, che \u00e8 Dio&nbsp;e vive e regna con te, nell&#8217;unit\u00e0 dello Spirito Santo,&nbsp;per tutti i secoli dei secoli.&nbsp;<\/p>\n\n\n\n<div style=\"height:40px\" aria-hidden=\"true\" class=\"wp-block-spacer\"><\/div>\n\n\n\n<p><strong>PRIMA LETTURA\u00a0<\/strong><\/p>\n\n\n\n<p>DALLA PRIMA LETTERA DI SAN PAOLO APOSTOLO AI CORINZI&nbsp;<\/p>\n\n\n\n<p class=\"has-text-align-right\">12,31-13,13&nbsp;<\/p>\n\n\n\n<p>Fratelli, aspirate ai carismi pi\u00f9 grandi! E io vi mostrer\u00f2 una via migliore di tutte.&nbsp;Se anche parlassi le lingue degli uomini e degli angeli, ma non avessi la carit\u00e0, sono come un bronzo che risuona o un cembalo che tintinna. E se avessi il dono della profezia e conoscessi tutti i misteri e tutta la scienza, e possedessi la pienezza della fede cos\u00ec da trasportare le montagne, ma non avessi la carit\u00e0, non sono nulla. E se anche distribuissi tutte le mie sostanze e dessi il mio corpo per essere bruciato, ma non avessi la carit\u00e0, niente mi giova.&nbsp;<\/p>\n\n\n\n<p>La carit\u00e0 \u00e8 paziente, \u00e8 benigna la carit\u00e0; non \u00e8 invidiosa la carit\u00e0, non si vanta, non si gonfia, non manca di rispetto, non cerca il suo interesse, non si adira, non tiene conto del male ricevuto, non gode dell&#8217;ingiustizia, ma si compiace della verit\u00e0. Tutto copre, tutto crede, tutto spera, tutto sopporta. La carit\u00e0 non avr\u00e0 mai fine. Le profezie scompariranno; il dono delle lingue cesser\u00e0 e la scienza svanir\u00e0. La nostra conoscenza \u00e8 imperfetta e imperfetta la nostra profezia. Ma quando verr\u00e0 ci\u00f2 che \u00e8 perfetto, quello che \u00e8 imperfetto scomparir\u00e0. Quand&#8217;ero bambino, parlavo da bambino, pensavo da bambino, ragionavo da bambino. Ma, divenuto uomo, ci\u00f2 che era da bambino l&#8217;ho abbandonato. Ora vediamo come in uno specchio, in maniera confusa; ma allora vedremo a faccia a faccia. Ora conosco in modo imperfetto, ma allora conoscer\u00f2 perfettamente, come anch\u2019io sono conosciuto.&nbsp;<\/p>\n\n\n\n<p>Queste dunque le tre cose che rimangono: la fede, la speranza e la carit\u00e0; ma di tutte pi\u00f9 grande \u00e8 la carit\u00e0!&nbsp;<\/p>\n\n\n\n<p>Parola di Dio&nbsp;<\/p>\n\n\n\n<div style=\"height:40px\" aria-hidden=\"true\" class=\"wp-block-spacer\"><\/div>\n\n\n\n<p><strong>SALMO RESPONSORIALE\u00a0<\/strong><\/p>\n\n\n\n<p class=\"has-text-align-right\">dal Salmo 15&nbsp;<\/p>\n\n\n\n<p>R.&nbsp;Sei tu, Signore, l&#8217;unico mio bene.&nbsp;<\/p>\n\n\n\n<div style=\"height:40px\" aria-hidden=\"true\" class=\"wp-block-spacer\"><\/div>\n\n\n\n<p>Proteggimi, o Dio: in te mi rifugio.\u00a0<\/p>\n\n\n\n<p>Ho detto a Dio: \u00abSei tu il mio Signore,&nbsp;<\/p>\n\n\n\n<p>senza di te non ho alcun bene\u00bb.&nbsp;<\/p>\n\n\n\n<p>Il Signore \u00e8 mia parte di eredit\u00e0 e mio calice:&nbsp;<\/p>\n\n\n\n<p>nelle tue mani \u00e8 la mia vita.\u00a0R.\u00a0<\/p>\n\n\n\n<div style=\"height:40px\" aria-hidden=\"true\" class=\"wp-block-spacer\"><\/div>\n\n\n\n<p>Benedico il Signore che mi ha dato consiglio;&nbsp;<\/p>\n\n\n\n<p>anche di notte il mio cuore mi istruisce.&nbsp;<\/p>\n\n\n\n<p>lo pongo sempre innanzi a me il Signore,&nbsp;<\/p>\n\n\n\n<p>sta alla mia destra, non posso vacillare.\u00a0R.\u00a0<\/p>\n\n\n\n<div style=\"height:40px\" aria-hidden=\"true\" class=\"wp-block-spacer\"><\/div>\n\n\n\n<p>Mi indicherai il sentiero della vita,&nbsp;<\/p>\n\n\n\n<p>gioia piena nella tua presenza,&nbsp;<\/p>\n\n\n\n<p>dolcezza senza fine alla tua destra.&nbsp;R.&nbsp;<\/p>\n\n\n\n<div style=\"height:40px\" aria-hidden=\"true\" class=\"wp-block-spacer\"><\/div>\n\n\n\n<p><strong>CANTO AL VANGELO\u00a0<\/strong><\/p>\n\n\n\n<p class=\"has-text-align-right\">Mt. 5,8&nbsp;<\/p>\n\n\n\n<p>R.&nbsp;Alleluia, alleluia&nbsp;<\/p>\n\n\n\n<p>Beati i puri di cuore perch\u00e9 vedranno Dio.&nbsp;<\/p>\n\n\n\n<p>R.&nbsp;Alleluia.&nbsp;<\/p>\n\n\n\n<div style=\"height:40px\" aria-hidden=\"true\" class=\"wp-block-spacer\"><\/div>\n\n\n\n<p><strong>VANGELO\u00a0<\/strong><\/p>\n\n\n\n<p>DAL VANGELO SECONDO MATTEO&nbsp;<\/p>\n\n\n\n<p class=\"has-text-align-right\">5,1-12&nbsp;<\/p>\n\n\n\n<p>In quel tempo, vedendo le folle, Ges\u00f9 sal\u00ec sulla montagna e, messosi a sedere, gli si avvicinarono i suoi discepoli. Prendendo allora la parola, li ammaestrava dicendo:&nbsp;<\/p>\n\n\n\n<p>\u00abBeati i poveri in spirito, perch\u00e9 di essi \u00e8 il regno dei cieli.&nbsp;<\/p>\n\n\n\n<p>Beati gli afflitti, perch\u00e9 saranno consolati.&nbsp;<\/p>\n\n\n\n<p>Beati i miti, perch\u00e9 erediteranno la terra.&nbsp;<\/p>\n\n\n\n<p>Beati quelli che hanno fame e sete della giustizia, perch\u00e9 saranno saziati.&nbsp;<\/p>\n\n\n\n<p>Beati i misericordiosi, perch\u00e9 troveranno misericordia.&nbsp;<\/p>\n\n\n\n<p>Beati i puri di cuore, perch\u00e9 vedranno Dio.&nbsp;<\/p>\n\n\n\n<p>Beati gli operatori di pace, perch\u00e9 saranno chiamati figli di Dio.&nbsp;<\/p>\n\n\n\n<p>Beati i perseguitati per causa della giustizia,&nbsp;<\/p>\n\n\n\n<p>perch\u00e9 di essi \u00e8 il regno dei cieli.&nbsp;<\/p>\n\n\n\n<p>Beati voi quando vi insulteranno, vi perseguiteranno e, mentendo, diranno ogni sorta di male contro di voi per causa mia. Rallegratevi ed esultate, perch\u00e9 grande \u00e8 la vostra ricompensa nei cieli\u00bb.&nbsp;<\/p>\n\n\n\n<p>Parola del Signore&nbsp;<\/p>\n\n\n\n<div style=\"height:40px\" aria-hidden=\"true\" class=\"wp-block-spacer\"><\/div>\n\n\n\n<p><strong>SULLE OFFERTE\u00a0<\/strong><\/p>\n\n\n\n<p>Accogli, o Dio, la nostra offerta, e donaci un&#8217;esperienza viva del tuo amore, perch\u00e9, sull&#8217;esempio del Beato Alberto Marvelli, serviamo al tuo altare con cuore puro e generoso, per celebrare degnamente la tua lode e ottenere i benefici della salvezza. Per Cristo nostro Signore.&nbsp;<\/p>\n\n\n\n<div style=\"height:40px\" aria-hidden=\"true\" class=\"wp-block-spacer\"><\/div>\n\n\n\n<p><strong>PREFAZIO\u00a0<\/strong><\/p>\n\n\n\n<p>V.&nbsp;Il Signore sia con voi.&nbsp;<\/p>\n\n\n\n<p>R.&nbsp;E con il tuo spirito.&nbsp;<\/p>\n\n\n\n<p>V.&nbsp;In alto i nostri cuori.&nbsp;<\/p>\n\n\n\n<p>R.&nbsp;Sono rivolti al Signore.&nbsp;<\/p>\n\n\n\n<p>V. Rendiamo grazie al Signore nostro Dio.&nbsp;<\/p>\n\n\n\n<p>R.&nbsp;E&#8217; cosa buona e giusta.&nbsp;<\/p>\n\n\n\n<p>E&#8217; veramente cosa buona e giusta, nostro dovere e fonte di salvezza, rendere grazie sempre e in ogni luogo a te, Signore, Padre santo, Dio onnipotente ed eterno, per Cristo nostro Signore.&nbsp;<\/p>\n\n\n\n<p>Nella festosa assemblea dei santi risplende la tua gloria, e il loro trionfo celebra i doni della tua misericordia. Nella vita del Beato Alberto Marvelli ci offri un esempio, nell&#8217;intercessione un aiuto, nella comunione di grazia un vincolo di amore fraterno.&nbsp;<\/p>\n\n\n\n<p>Confortati dalla sua testimonianza, affrontiamo il buon combattimento della fede, per condividere al di l\u00e0 della morte la stessa corona di gloria. Per questo, uniti agli Angeli e agli Arcangeli e a tutti i santi del cielo, cantiamo senza fine l&#8217;inno della tua lode:&nbsp;<\/p>\n\n\n\n<div style=\"height:40px\" aria-hidden=\"true\" class=\"wp-block-spacer\"><\/div>\n\n\n\n<p>Santo, Santo, Santo il Signore Dio dell&#8217;Universo.\u00a0<\/p>\n\n\n\n<p>I cieli e la terra sono pieni della tua gloria.&nbsp;<\/p>\n\n\n\n<p>Osanna nell&#8217; alto dei cieli.&nbsp;<\/p>\n\n\n\n<p>Benedetto colui che viene nel nome del Signore.&nbsp;<\/p>\n\n\n\n<p>Osanna nell&#8217;alto dei cieli.&nbsp;<\/p>\n\n\n\n<div style=\"height:40px\" aria-hidden=\"true\" class=\"wp-block-spacer\"><\/div>\n\n\n\n<p><strong>ANTIFONA ALLA COMUNIONE\u00a0<\/strong><\/p>\n\n\n\n<p>\u00abCome il Padre ha amato me,&nbsp;cos\u00ec anch&#8217;io ho amato voi.&nbsp;Rimanete nel mio amore\u00bb.&nbsp;&nbsp;<\/p>\n\n\n\n<p class=\"has-text-align-right\">Gv. 15,9&nbsp;<\/p>\n\n\n\n<div style=\"height:40px\" aria-hidden=\"true\" class=\"wp-block-spacer\"><\/div>\n\n\n\n<p><strong>DOPO LA COMUNIONE\u00a0<\/strong><\/p>\n\n\n\n<p>Signore Dio nostro, il sacramento che abbiamo ricevuto nel ricordo del Beato Alberto Marvelli, ci rinnovi nella mente e nel cuore, perch\u00e9 possiamo comunicare alla tua vita immortale. Per Cristo nostro Signore.&nbsp;<\/p>\n\n\n\n<p>Con l&#8217;approvazione della Sede Apostolica 2 luglio 2005&nbsp;<\/p>\n","protected":false},"excerpt":{"rendered":"<p>5 ottobre BEATO ALBERTO MARVELLI Memoria facoltativa Alberto Marvelli nacque a Ferrara il 21 marzo 1918, ma visse e crebbe a Rimini, dove la sua famiglia si era&#8230;<\/p>\n","protected":false},"author":2,"featured_media":0,"parent":40,"menu_order":0,"comment_status":"closed","ping_status":"closed","template":"","meta":{"footnotes":""},"class_list":["post-173","page","type-page","status-publish","hentry"],"_links":{"self":[{"href":"https:\/\/chiesa.rimini.it\/liturgia\/wp-json\/wp\/v2\/pages\/173","targetHints":{"allow":["GET"]}}],"collection":[{"href":"https:\/\/chiesa.rimini.it\/liturgia\/wp-json\/wp\/v2\/pages"}],"about":[{"href":"https:\/\/chiesa.rimini.it\/liturgia\/wp-json\/wp\/v2\/types\/page"}],"author":[{"embeddable":true,"href":"https:\/\/chiesa.rimini.it\/liturgia\/wp-json\/wp\/v2\/users\/2"}],"replies":[{"embeddable":true,"href":"https:\/\/chiesa.rimini.it\/liturgia\/wp-json\/wp\/v2\/comments?post=173"}],"version-history":[{"count":6,"href":"https:\/\/chiesa.rimini.it\/liturgia\/wp-json\/wp\/v2\/pages\/173\/revisions"}],"predecessor-version":[{"id":515,"href":"https:\/\/chiesa.rimini.it\/liturgia\/wp-json\/wp\/v2\/pages\/173\/revisions\/515"}],"up":[{"embeddable":true,"href":"https:\/\/chiesa.rimini.it\/liturgia\/wp-json\/wp\/v2\/pages\/40"}],"wp:attachment":[{"href":"https:\/\/chiesa.rimini.it\/liturgia\/wp-json\/wp\/v2\/media?parent=173"}],"curies":[{"name":"wp","href":"https:\/\/api.w.org\/{rel}","templated":true}]}}