{"id":181,"date":"2022-08-05T15:47:22","date_gmt":"2022-08-05T13:47:22","guid":{"rendered":"https:\/\/chiesa.rimini.it\/liturgia\/?page_id=181"},"modified":"2023-04-14T18:26:22","modified_gmt":"2023-04-14T16:26:22","slug":"messe-proprie-3-novembre","status":"publish","type":"page","link":"https:\/\/chiesa.rimini.it\/liturgia\/proprio-della-chiesa-riminese\/messe-proprie-3-novembre\/","title":{"rendered":"Messe proprie &#8211; 3 novembre"},"content":{"rendered":"\n<div class=\"wp-block-columns is-layout-flex wp-container-core-columns-is-layout-9d6595d7 wp-block-columns-is-layout-flex\">\n<div class=\"wp-block-column is-layout-flow wp-block-column-is-layout-flow\">\n<h4 class=\"wp-block-heading has-text-color\" style=\"color:#a30202\">3 novembre&nbsp;<\/h4>\n\n\n\n<h2 class=\"wp-block-heading has-text-color\" style=\"color:#a30202\">BEATO&nbsp;<\/h2>\n\n\n\n<h2 class=\"wp-block-heading has-text-color\" style=\"color:#a30202\">PIO CAMPIDELLI&nbsp;<\/h2>\n\n\n\n<h2 class=\"wp-block-heading has-text-color\" style=\"color:#a30202\">religioso&nbsp;<\/h2>\n\n\n\n<h4 class=\"wp-block-heading has-text-color\" style=\"color:#a30202\">MEMORIA FACOLTATIVA&nbsp;<\/h4>\n<\/div>\n\n\n\n<div class=\"wp-block-column is-layout-flow wp-block-column-is-layout-flow\">\n<figure class=\"wp-block-image size-full\"><img loading=\"lazy\" decoding=\"async\" width=\"413\" height=\"494\" src=\"https:\/\/chiesa.rimini.it\/liturgia\/wp-content\/uploads\/proprio3nov.png\" alt=\"\" class=\"wp-image-383\" srcset=\"https:\/\/chiesa.rimini.it\/liturgia\/wp-content\/uploads\/proprio3nov.png 413w, https:\/\/chiesa.rimini.it\/liturgia\/wp-content\/uploads\/proprio3nov-251x300.png 251w\" sizes=\"auto, (max-width: 413px) 100vw, 413px\" \/><\/figure>\n<\/div>\n<\/div>\n\n\n\n<p class=\"has-drop-cap\"><em>Pio Campidelli (nome di battesimo Luigi) nacque a Trebbio di Poggio Berni il 28 aprile 1868; fin da fanciullo manifest\u00f2 un animo buono, incline alla preghiera e amante dello studio. A quattordici anni vest\u00ec l&#8217;abito dei Passionisti nel convento di Casale. Pio visse esemplarmente nel suo stato, dando a tutti testimonianza di vita coerente e gioiosa. Mor\u00ec il 2 novembre 1889. Fu proclamato beato da papa Giovanni Paolo II nel 1985.&nbsp;<\/em><\/p>\n\n\n\n<hr class=\"wp-block-separator has-alpha-channel-opacity\"\/>\n\n\n\n<p>Dal Comune dei santi e delle sante: per un religioso.&nbsp;<\/p>\n\n\n\n<div style=\"height:40px\" aria-hidden=\"true\" class=\"wp-block-spacer\"><\/div>\n\n\n\n<p><strong>COLLETTA\u00a0<\/strong><\/p>\n\n\n\n<p>O Dio, tu hai voluto scegliere&nbsp;il tuo umile servo Pio Campidelli&nbsp;tra i piccoli ai quali riveli&nbsp;i misteri del regno dei cieli.&nbsp;Concedi a noi, per sua intercessione,&nbsp;di camminare in semplicit\u00e0 di cuore&nbsp;per sentire in noi la fiamma viva del tuo amore&nbsp;e condurre anche gli altri ad amarti&nbsp;con le opere di carit\u00e0 fraterna.&nbsp;Per il nostro Signore Ges\u00f9 Cristo, tuo Figlio, che \u00e8 Dio,&nbsp;e vive e regna con te, nell&#8217;unit\u00e0 dello Spirito Santo,&nbsp;per tutti i secoli dei secoli.&nbsp;<\/p>\n\n\n\n<div style=\"height:40px\" aria-hidden=\"true\" class=\"wp-block-spacer\"><\/div>\n\n\n\n<p><strong>PRIMA LETTURA\u00a0<\/strong><\/p>\n\n\n\n<p><em>Tutto ci\u00f2 che merita lode sia oggetto dei vostri pensieri.&nbsp;<\/em><\/p>\n\n\n\n<p>Dalla lettera di san Paolo apostolo ai Filippesi&nbsp;<\/p>\n\n\n\n<p class=\"has-text-align-right\">4, 4-9&nbsp;<\/p>\n\n\n\n<p>Fratelli, rallegratevi nel Signore, sempre; ve lo ripeto ancora, rallegratevi. La vostra affabilit\u00e0 sia nota a tutti gli uomini. Il Signore \u00e8 vicino!&nbsp;<\/p>\n\n\n\n<p>Non angustiatevi per nulla, ma in ogni necessit\u00e0 esponete a Dio le vostre richieste, con preghiere, suppliche e ringraziamenti; e la pace di Dio, che sorpassa ogni intelligenza, custodir\u00e0 i vostri cuori e i vostri pensieri in Cristo Ges\u00f9.&nbsp;<\/p>\n\n\n\n<p>In conclusione, fratelli, tutto quello che \u00e8 vero, &#8220;nobile, giusto, puro, amabile, onorato, quello che \u00e8 virt\u00f9 e merita lode, tutto questo sia oggetto dei vostri pensieri.&nbsp;<\/p>\n\n\n\n<p>Ci\u00f2 che avete imparato, ricevuto, ascoltato e veduto in me, \u00e8 quello che dovete fare. E il Dio della pace sar\u00e0 con voi!&nbsp;<\/p>\n\n\n\n<p>Parola di Dio.&nbsp;<\/p>\n\n\n\n<div style=\"height:40px\" aria-hidden=\"true\" class=\"wp-block-spacer\"><\/div>\n\n\n\n<p><strong>SALMO RESPONSORIALE\u00a0<\/strong><\/p>\n\n\n\n<p class=\"has-text-align-right\">Dal Sal 102&nbsp;<\/p>\n\n\n\n<p>R.&nbsp;La misericordia del Signore \u00e8 per sempre.&nbsp;<\/p>\n\n\n\n<div style=\"height:40px\" aria-hidden=\"true\" class=\"wp-block-spacer\"><\/div>\n\n\n\n<p>Benedici il Signore, anima mia,\u00a0<\/p>\n\n\n\n<p>quanto \u00e8 in me benedica il suo santo nome.&nbsp;<\/p>\n\n\n\n<p>Benedici il Signore, anima mia,&nbsp;<\/p>\n\n\n\n<p>non dimenticare tanti suoi benefici.<\/p>\n\n\n\n<div style=\"height:40px\" aria-hidden=\"true\" class=\"wp-block-spacer\"><\/div>\n\n\n\n<p>Egli perdona tutte le tue colpe,&nbsp;<\/p>\n\n\n\n<p>guarisce tutte le tue malattie;&nbsp;<\/p>\n\n\n\n<p>salva dalla fossa la tua vita,&nbsp;<\/p>\n\n\n\n<p>ti corona di grazia e di misericordia.\u00a0<\/p>\n\n\n\n<div style=\"height:40px\" aria-hidden=\"true\" class=\"wp-block-spacer\"><\/div>\n\n\n\n<p>Il Signore agisce con giustizia&nbsp;<\/p>\n\n\n\n<p>e con diritto verso tutti gli oppressi.&nbsp;<\/p>\n\n\n\n<p>Buono e pietoso \u00e8 il Signore,&nbsp;<\/p>\n\n\n\n<p>lento all&#8217;ira e grande nell&#8217;amore.\u00a0<\/p>\n\n\n\n<div style=\"height:40px\" aria-hidden=\"true\" class=\"wp-block-spacer\"><\/div>\n\n\n\n<p>Come un padre ha piet\u00e0 dei suoi figli,&nbsp;<\/p>\n\n\n\n<p>cos\u00ec il Signore ha piet\u00e0 di quanti lo temono.&nbsp;<\/p>\n\n\n\n<p>La grazia del Signore \u00e8 da sempre,&nbsp;<\/p>\n\n\n\n<p>dura in eterno per quanti lo temono;&nbsp;<\/p>\n\n\n\n<p>la sua giustizia per i figli dei figli. \u00a0<\/p>\n\n\n\n<div style=\"height:40px\" aria-hidden=\"true\" class=\"wp-block-spacer\"><\/div>\n\n\n\n<p><strong>CANTO AL VANGELO<\/strong><\/p>\n\n\n\n<p>R.\u00a0Alleluia, alleluia.\u00a0<\/p>\n\n\n\n<p>Ti benedico, o padre,&nbsp;Signore del cielo e della terra,&nbsp;perch\u00e9 hai tenuto nascoste queste cose&nbsp;ai sapienti e agli intelligenti&nbsp;e le hai rivelate hai piccoli&nbsp;<\/p>\n\n\n\n<p>R.&nbsp;Alleluia.<\/p>\n\n\n\n<div style=\"height:40px\" aria-hidden=\"true\" class=\"wp-block-spacer\"><\/div>\n\n\n\n<p><strong>VANGELO<\/strong><\/p>\n\n\n\n<p><em>Hai tenute nascoste queste cose ai sapienti e le hai rivelate ai piccoli.<\/em><em>&nbsp;<\/em><\/p>\n\n\n\n<p>Dal vangelo secondo Matteo&nbsp;<\/p>\n\n\n\n<p class=\"has-text-align-right\">Cfr 11,25-30&nbsp;<\/p>\n\n\n\n<p>In quel tempo, Ges\u00f9 disse: \u00abTi benedico, o Padre, Signore del cielo e della terra, perch\u00e9 hai tenuto nascoste queste cose ai sapienti e agli intelligenti e le hai rivelate ai piccoli. S\u00ec, o Padre, perch\u00e9 cos\u00ec \u00e8 piaciuto a te.&nbsp;<\/p>\n\n\n\n<p>Tutto mi \u00e8 stato dato dal Padre mio; nessuno conosce il Figlio se non il Padre, e nessuno conosce il Padre se non. il Figlio e colui al quale il Figlio lo voglia rivelare.&nbsp;<\/p>\n\n\n\n<p>Venite a me, voi tutti, che siete affaticati e oppressi, e io vi ristorer\u00f2. Prendete il mio giogo sopra di voi e imparate da me, che sono mite e umile di cuore, e troverete ristoro per le vostre anime. Il mio giogo infatti \u00e8 dolce e il mio carico leggero\u00bb.&nbsp;<\/p>\n\n\n\n<p>Parola del Signore.&nbsp;<\/p>\n","protected":false},"excerpt":{"rendered":"<p>3 novembre&nbsp; BEATO&nbsp; PIO CAMPIDELLI&nbsp; religioso&nbsp; MEMORIA FACOLTATIVA&nbsp; Pio Campidelli (nome di battesimo Luigi) nacque a Trebbio di Poggio Berni il 28 aprile 1868; fin da fanciullo manifest\u00f2&#8230;<\/p>\n","protected":false},"author":2,"featured_media":0,"parent":40,"menu_order":0,"comment_status":"closed","ping_status":"closed","template":"","meta":{"footnotes":""},"class_list":["post-181","page","type-page","status-publish","hentry"],"_links":{"self":[{"href":"https:\/\/chiesa.rimini.it\/liturgia\/wp-json\/wp\/v2\/pages\/181","targetHints":{"allow":["GET"]}}],"collection":[{"href":"https:\/\/chiesa.rimini.it\/liturgia\/wp-json\/wp\/v2\/pages"}],"about":[{"href":"https:\/\/chiesa.rimini.it\/liturgia\/wp-json\/wp\/v2\/types\/page"}],"author":[{"embeddable":true,"href":"https:\/\/chiesa.rimini.it\/liturgia\/wp-json\/wp\/v2\/users\/2"}],"replies":[{"embeddable":true,"href":"https:\/\/chiesa.rimini.it\/liturgia\/wp-json\/wp\/v2\/comments?post=181"}],"version-history":[{"count":4,"href":"https:\/\/chiesa.rimini.it\/liturgia\/wp-json\/wp\/v2\/pages\/181\/revisions"}],"predecessor-version":[{"id":521,"href":"https:\/\/chiesa.rimini.it\/liturgia\/wp-json\/wp\/v2\/pages\/181\/revisions\/521"}],"up":[{"embeddable":true,"href":"https:\/\/chiesa.rimini.it\/liturgia\/wp-json\/wp\/v2\/pages\/40"}],"wp:attachment":[{"href":"https:\/\/chiesa.rimini.it\/liturgia\/wp-json\/wp\/v2\/media?parent=181"}],"curies":[{"name":"wp","href":"https:\/\/api.w.org\/{rel}","templated":true}]}}