{"id":187,"date":"2022-08-05T15:48:25","date_gmt":"2022-08-05T13:48:25","guid":{"rendered":"https:\/\/chiesa.rimini.it\/liturgia\/?page_id=187"},"modified":"2023-04-14T18:33:13","modified_gmt":"2023-04-14T16:33:13","slug":"messe-proprie-29-dicembre","status":"publish","type":"page","link":"https:\/\/chiesa.rimini.it\/liturgia\/proprio-della-chiesa-riminese\/messe-proprie-29-dicembre\/","title":{"rendered":"Messe proprie &#8211; 29 dicembre"},"content":{"rendered":"\n<p><\/p>\n\n\n\n<div class=\"wp-block-columns is-layout-flex wp-container-core-columns-is-layout-9d6595d7 wp-block-columns-is-layout-flex\">\n<div class=\"wp-block-column is-layout-flow wp-block-column-is-layout-flow\">\n<h4 class=\"wp-block-heading has-text-color\" style=\"color:#a30202\">29 dicembre&nbsp;<\/h4>\n\n\n\n<h2 class=\"wp-block-heading has-text-color\" style=\"color:#a30202\">SANTA COLOMBA&nbsp;<\/h2>\n\n\n\n<h2 class=\"wp-block-heading has-text-color\" style=\"color:#a30202\">vergine e martire&nbsp;<\/h2>\n\n\n\n<h4 class=\"wp-block-heading has-text-color\" style=\"color:#a30202\">Titolare della Chiesa Cattedrale<\/h4>\n\n\n\n<h4 class=\"wp-block-heading has-text-color\" style=\"color:#a30202\">SOLENNIT\u00c0 IN CATTEDRALE&nbsp;<\/h4>\n\n\n\n<h4 class=\"wp-block-heading has-text-color\" style=\"color:#a30202\">MEMORIA IN DIOCESI&nbsp;<\/h4>\n<\/div>\n\n\n\n<div class=\"wp-block-column is-layout-flow wp-block-column-is-layout-flow\">\n<figure class=\"wp-block-image size-full\"><img loading=\"lazy\" decoding=\"async\" width=\"394\" height=\"481\" src=\"https:\/\/chiesa.rimini.it\/liturgia\/wp-content\/uploads\/proprio29dic.png\" alt=\"\" class=\"wp-image-395\" srcset=\"https:\/\/chiesa.rimini.it\/liturgia\/wp-content\/uploads\/proprio29dic.png 394w, https:\/\/chiesa.rimini.it\/liturgia\/wp-content\/uploads\/proprio29dic-246x300.png 246w\" sizes=\"auto, (max-width: 394px) 100vw, 394px\" \/><\/figure>\n<\/div>\n<\/div>\n\n\n\n<p class=\"has-drop-cap\"><em>Colomba proveniva da una famiglia pagana; dopo aver ricevuto il battesimo si stabil\u00ec a Sens (Francia). Fu martirizzata per ordine dell&#8217;Imperatore Aureliano nella seconda met\u00e0 del III secolo. Secondo la tradizione il culto di santa Colomba giunse a Rimini provvidenzialmente: alcuni mercanti di Sens, che veleggiavano nell&#8217; Adriatico portando con loro una reliquia del capo di santa Colomba, furono costretti ad approdare a Rimini, dove la reliquia, accolta da Stemnio, vescovo della citt\u00e0, fu posta nella Cattedrale.&nbsp;<\/em><\/p>\n\n\n\n<hr class=\"wp-block-separator has-alpha-channel-opacity\"\/>\n\n\n\n<p><strong>ANTIFONA D&#8217;INGRESSO\u00a0<\/strong><\/p>\n\n\n\n<p>Celebriamo con gioia la festa di santa Colomba.&nbsp;Come un uccello la sua anima \u00e8 stata liberata&nbsp;dal laccio del cacciatore;&nbsp;le acque avrebbero potuto travolgerla,&nbsp;ma il Signore \u00e8 stato suo aiuto.&nbsp;<\/p>\n\n\n\n<p class=\"has-text-align-right\">Cfr. Sal 123,4.7&nbsp;<\/p>\n\n\n\n<p>Si dice il&nbsp;Gloria&nbsp;<\/p>\n\n\n\n<div style=\"height:40px\" aria-hidden=\"true\" class=\"wp-block-spacer\"><\/div>\n\n\n\n<p><strong>COLLETTA\u00a0<\/strong><\/p>\n\n\n\n<p>O Dio che allieti la tua Chiesa&nbsp;nel ricordo di santa Colomba vergine e martire,&nbsp;per la sua intercessione ed il suo esempio&nbsp;concedi anche a noi fortezza e purit\u00e0 di spirito&nbsp;per seguire Cristo sulla via della croce.&nbsp;Egli \u00e8 Dio, e vive e regna con te,&nbsp;nell&#8217;unit\u00e0 dello Spirito Santo,&nbsp;per tutti i secoli dei secoli.&nbsp;<\/p>\n\n\n\n<div style=\"height:40px\" aria-hidden=\"true\" class=\"wp-block-spacer\"><\/div>\n\n\n\n<p><strong>PRIMA LETTURA\u00a0<\/strong><\/p>\n\n\n\n<p><em>Mi hai liberato secondo la tua grande misericordia<\/em><em>&nbsp;<\/em><\/p>\n\n\n\n<p>Dal libro del Siracide&nbsp;<\/p>\n\n\n\n<p class=\"has-text-align-right\">51,1-12 (gr. 1-8)&nbsp;<\/p>\n\n\n\n<p>Ti glorificher\u00f2, Signore mio re,&nbsp;<\/p>\n\n\n\n<p>ti loder\u00f2, Dio mio salvatore;&nbsp;<\/p>\n\n\n\n<p>glorificher\u00f2 il tuo nome,&nbsp;<\/p>\n\n\n\n<p>perch\u00e9 fosti mio protettore e mio aiuto&nbsp;<\/p>\n\n\n\n<p>e hai liberato il mio corpo dalla perdizione,&nbsp;<\/p>\n\n\n\n<p>dal laccio di una lingua calunniatrice,&nbsp;<\/p>\n\n\n\n<p>dalle labbra che proferiscono menzogne.&nbsp;<\/p>\n\n\n\n<p> <\/p>\n\n\n\n<p>Di fronte a quanti mi circondavano&nbsp;<\/p>\n\n\n\n<p>sei stato il mio aiuto e mi hai liberato,&nbsp;<\/p>\n\n\n\n<p>secondo la tua grande misericordia e per il tuo nome,&nbsp;<\/p>\n\n\n\n<p>dai morsi di chi stava per divorarmi,&nbsp;<\/p>\n\n\n\n<p>dalla mano di quanti insidiavano alla mia vita,&nbsp;<\/p>\n\n\n\n<p>dalle molte tribolazioni di cui soffrivo,&nbsp;<\/p>\n\n\n\n<p>dal soffocamento di una fiamma avvolgente,&nbsp;<\/p>\n\n\n\n<p>e dal fuoco che non avevo acceso,&nbsp;<\/p>\n\n\n\n<p>dal profondo seno degli inferi,&nbsp;<\/p>\n\n\n\n<p>dalla lingua impura e dalla parola falsa.&nbsp;<\/p>\n\n\n\n<p> <\/p>\n\n\n\n<p>Da calunnia di lingua ingiusta era giunta al re.&nbsp;<\/p>\n\n\n\n<p>La mia anima era vicina alla morte,&nbsp;<\/p>\n\n\n\n<p>mia vita era alle porte degli inferi.&nbsp;<\/p>\n\n\n\n<p>Mi assalivano dovunque e nessuno mi aiutava;&nbsp;<\/p>\n\n\n\n<p>mi rivolsi per soccorso agli uomini, ma invano.<\/p>\n\n\n\n<p> <\/p>\n\n\n\n<p>Allora mi ricordai delle tue misericordie, Signore,&nbsp;<\/p>\n\n\n\n<p>le delle tue opere che sono da sempre,&nbsp;<\/p>\n\n\n\n<p>perch\u00e9 tu liberi quanti sperano in te,&nbsp;<\/p>\n\n\n\n<p>i salvi dalla mano dei nemici.&nbsp;<\/p>\n\n\n\n<p>Ed innalzi dalla terra la mia supplica;&nbsp;<\/p>\n\n\n\n<p>ai per la liberazione dalla morte.&nbsp;<\/p>\n\n\n\n<p> <\/p>\n\n\n\n<p>Esclamai: \u00abSignore, mio padre tu sei&nbsp;<\/p>\n\n\n\n<p>campione della mia salvezza,&nbsp;<\/p>\n\n\n\n<p>non mi abbandonare nei giorni dell&#8217;angoscia,&nbsp;<\/p>\n\n\n\n<p>nel tempo dello sconforto e della desolazione.&nbsp;<\/p>\n\n\n\n<p>Io loder\u00f2 sempre il tuo nome;&nbsp;<\/p>\n\n\n\n<p>canter\u00f2 inni a te con riconoscenza\u00bb.&nbsp;<\/p>\n\n\n\n<p> <\/p>\n\n\n\n<p>La mia supplica fu esaudita;&nbsp;<\/p>\n\n\n\n<p>tu mi salvasti infatti dalla rovina&nbsp;<\/p>\n\n\n\n<p>e mi strappasti da una cattiva situazione.&nbsp;<\/p>\n\n\n\n<p>Per questo ti ringrazier\u00f2 e ti loder\u00f2,&nbsp;<\/p>\n\n\n\n<p>benedir\u00f2 il nome del Signore.&nbsp;<\/p>\n\n\n\n<p>Parola di Dio.&nbsp;<\/p>\n\n\n\n<div style=\"height:40px\" aria-hidden=\"true\" class=\"wp-block-spacer\"><\/div>\n\n\n\n<p><strong>SALMO RESPONSORIALE\u00a0<\/strong><\/p>\n\n\n\n<p class=\"has-text-align-right\">Dal Sal 33&nbsp;<\/p>\n\n\n\n<p>R.&nbsp;Il Signore \u00e8 mia forza e mia salvezza.&nbsp;<\/p>\n\n\n\n<div style=\"height:40px\" aria-hidden=\"true\" class=\"wp-block-spacer\"><\/div>\n\n\n\n<p>Benedir\u00f2 il Signore in ogni tempo,\u00a0<\/p>\n\n\n\n<p>sulla mia bocca sempre la sua lode.&nbsp;<\/p>\n\n\n\n<p>lo mi glorio nel Signore,&nbsp;<\/p>\n\n\n\n<p>ascoltino gli umili e si rallegrino.\u00a0<\/p>\n\n\n\n<div style=\"height:40px\" aria-hidden=\"true\" class=\"wp-block-spacer\"><\/div>\n\n\n\n<p>Celebrate con me il Signore,&nbsp;<\/p>\n\n\n\n<p>esaltiamo insieme il suo nome.&nbsp;<\/p>\n\n\n\n<p>Ho cercato il Signore e mi ha risposto&nbsp;<\/p>\n\n\n\n<p>e da ogni timore mi ha liberato.\u00a0<\/p>\n\n\n\n<div style=\"height:40px\" aria-hidden=\"true\" class=\"wp-block-spacer\"><\/div>\n\n\n\n<p>Guardate a lui e sarete raggianti,&nbsp;<\/p>\n\n\n\n<p>non saranno confusi i vostri volti.&nbsp;<\/p>\n\n\n\n<p>Questo povero grida e il Signore lo ascolta,&nbsp;<\/p>\n\n\n\n<p>lo libera da tutte le sue angosce.\u00a0<\/p>\n\n\n\n<div style=\"height:40px\" aria-hidden=\"true\" class=\"wp-block-spacer\"><\/div>\n\n\n\n<p>L&#8217;angelo del Signore si accampa&nbsp;<\/p>\n\n\n\n<p>attorno a quelli che lo temono e li salva.&nbsp;<\/p>\n\n\n\n<p>Gustate e vedete quanto \u00e8 buono il Signore;&nbsp;<\/p>\n\n\n\n<p>beato l&#8217;uomo che in lui si rifugia.&nbsp;<\/p>\n\n\n\n<div style=\"height:40px\" aria-hidden=\"true\" class=\"wp-block-spacer\"><\/div>\n\n\n\n<p><strong>SECONDA LETTURA\u00a0<\/strong><\/p>\n\n\n\n<p><em>N\u00e9 morte n\u00e9 vita potr\u00e0 mai separarci dall&#8217;amore di Dio<\/em><em>&nbsp;<\/em><\/p>\n\n\n\n<p>Dalla lettera di san Paolo apostolo ai Romani&nbsp;<\/p>\n\n\n\n<p class=\"has-text-align-right\">8.31-39&nbsp;<\/p>\n\n\n\n<p>Fratelli, se Dio \u00e8 per noi, chi sar\u00e0 contro di noi? Egli che non ha risparmiato il proprio Figlio, ma lo ha dato per tutti noi, come non ci doner\u00e0 ogni cosa insieme con lui? Chi accuser\u00e0 gli eletti di Dio? Dio giustifica. Chi condanner\u00e0? Cristo Ges\u00f9, che \u00e8 morto, anzi, che \u00e8 risuscitato, sta alla destra di Dio e intercede per noi? Chi ci separer\u00e0 dunque dall&#8217;amore di Cristo? Forse la tribolazione, l&#8217;angoscia, la persecuzione, la fame, la nudit\u00e0, il pericolo, la spada? Proprio come sta scritto:&nbsp;<\/p>\n\n\n\n<p>Per causa tua siamo messi a morte tutto il giorno, siamo trattati come pecore da macello.&nbsp;<\/p>\n\n\n\n<p>Ma in tutte queste cose noi siamo pi\u00f9 che vincitori per virt\u00f9 di colui che ci ha amati. lo sono infatti persuaso che n\u00e9 morte n\u00e9 vita, n\u00e9 angeli n\u00e9 principati, n\u00e9 presente n\u00e9 avvenire, n\u00e9 potenze, n\u00e9 altezza n\u00e9 profondit\u00e0, n\u00e9 alcun&#8217;altra creatura potr\u00e0 mai separarci dall&#8217;amore di Dio, in Cristo Ges\u00f9, nostro Signore.&nbsp;<\/p>\n\n\n\n<p>Parola di Dio.\u00a0<\/p>\n\n\n\n<div style=\"height:40px\" aria-hidden=\"true\" class=\"wp-block-spacer\"><\/div>\n\n\n\n<p><strong>CANTO AL VANGELO\u00a0<\/strong><\/p>\n\n\n\n<p class=\"has-text-align-right\">Mt 10,32&nbsp;<\/p>\n\n\n\n<p>R.&nbsp;Alleluia, alleluia.&nbsp;<\/p>\n\n\n\n<p>Chi mi riconoscer\u00e0 davanti agli uomini,&nbsp;dice il Signore,&nbsp;anch&#8217;io lo riconoscer\u00f2 davanti al Padre mio.&nbsp;<\/p>\n\n\n\n<p>R.&nbsp;Alleluia.<\/p>\n\n\n\n<div style=\"height:40px\" aria-hidden=\"true\" class=\"wp-block-spacer\"><\/div>\n\n\n\n<p><strong>VANGELO\u00a0<\/strong><\/p>\n\n\n\n<p><em>Non abbiate paura di quelli che uccidono il corpo.<\/em><em>&nbsp;<\/em><\/p>\n\n\n\n<p>Dal vangelo secondo Matteo&nbsp;<\/p>\n\n\n\n<p class=\"has-text-align-right\">Cfr 10,28-33&nbsp;<\/p>\n\n\n\n<p>In quel tempo Ges\u00f9 disse ai suoi discepoli: \u00abNon abbiate paura di quelli che uccidono il corpo, ma non hanno potere di uccidere l&#8217;anima; temete piuttosto colui che ha il potere di far perire e l&#8217;anima e il corpo nella Geenna. Due passeri non si vendono forse per un soldo? Eppure neanche uno di essi cadr\u00e0 a terra senza che il Padre vostro lo voglia.&nbsp;<\/p>\n\n\n\n<p>Quanto a voi, perfino i capelli del vostro capo sono tutti contati; non abbiate dunque timore: voi valete pi\u00f9 di molti passeri!&nbsp;<\/p>\n\n\n\n<p>Chi dunque mi riconoscer\u00e0 davanti agli uomini, anch&#8217;io lo riconoscer\u00f2 davanti al Padre mio che \u00e8 nei cieli; chi invece mi rinnegher\u00e0 davanti agli uomini, anch&#8217;io lo rinnegher\u00f2 davanti al Padre mio che \u00e8 nei cieli\u00bb.&nbsp;<\/p>\n\n\n\n<p>Parola del Signore.&nbsp;<\/p>\n\n\n\n<p>Si dice il&nbsp;Credo&nbsp;<\/p>\n\n\n\n<div style=\"height:40px\" aria-hidden=\"true\" class=\"wp-block-spacer\"><\/div>\n\n\n\n<p><strong>SULLE OFFERTE\u00a0<\/strong><\/p>\n\n\n\n<p>I doni che ti presentiamo&nbsp;nel glorioso ricordo della santa martire Colomba&nbsp;ti siano graditi, Signore,&nbsp;come fu preziosa ai tuoi occhi l&#8217;offerta della sua vita.&nbsp;Per Cristo nostro Signore.&nbsp;<\/p>\n\n\n\n<div style=\"height:40px\" aria-hidden=\"true\" class=\"wp-block-spacer\"><\/div>\n\n\n\n<p><strong>ANTIFONA ALLA COMUNIONE\u00a0<\/strong><\/p>\n\n\n\n<p>Dice il Signore:&nbsp;&#8220;Ecco io vi mando come pecore&nbsp;in mezzo ai lupi.&nbsp;Siate semplici come le colombe.&#8221;&nbsp;<\/p>\n\n\n\n<p class=\"has-text-align-right\">Cfr. Mt 10,16.&nbsp;<\/p>\n\n\n\n<div style=\"height:40px\" aria-hidden=\"true\" class=\"wp-block-spacer\"><\/div>\n\n\n\n<p><strong>DOPO LA COMUNIONE\u00a0<\/strong><\/p>\n\n\n\n<p>Signore che hai glorificato santa Colomba&nbsp;con la corona della verginit\u00e0 e del martirio,&nbsp;per la comunione a questo sacro convito&nbsp;dona nuova energia&nbsp;perch\u00e9 superiamo la forza del male&nbsp;e raggiungiamo la gloria del cielo.&nbsp;Per Cristo nostro Signore.&nbsp;<\/p>\n","protected":false},"excerpt":{"rendered":"<p>29 dicembre&nbsp; SANTA COLOMBA&nbsp; vergine e martire&nbsp; Titolare della Chiesa Cattedrale SOLENNIT\u00c0 IN CATTEDRALE&nbsp; MEMORIA IN DIOCESI&nbsp; Colomba proveniva da una famiglia pagana; dopo aver ricevuto il battesimo&#8230;<\/p>\n","protected":false},"author":2,"featured_media":0,"parent":40,"menu_order":0,"comment_status":"closed","ping_status":"closed","template":"","meta":{"footnotes":""},"class_list":["post-187","page","type-page","status-publish","hentry"],"_links":{"self":[{"href":"https:\/\/chiesa.rimini.it\/liturgia\/wp-json\/wp\/v2\/pages\/187","targetHints":{"allow":["GET"]}}],"collection":[{"href":"https:\/\/chiesa.rimini.it\/liturgia\/wp-json\/wp\/v2\/pages"}],"about":[{"href":"https:\/\/chiesa.rimini.it\/liturgia\/wp-json\/wp\/v2\/types\/page"}],"author":[{"embeddable":true,"href":"https:\/\/chiesa.rimini.it\/liturgia\/wp-json\/wp\/v2\/users\/2"}],"replies":[{"embeddable":true,"href":"https:\/\/chiesa.rimini.it\/liturgia\/wp-json\/wp\/v2\/comments?post=187"}],"version-history":[{"count":5,"href":"https:\/\/chiesa.rimini.it\/liturgia\/wp-json\/wp\/v2\/pages\/187\/revisions"}],"predecessor-version":[{"id":527,"href":"https:\/\/chiesa.rimini.it\/liturgia\/wp-json\/wp\/v2\/pages\/187\/revisions\/527"}],"up":[{"embeddable":true,"href":"https:\/\/chiesa.rimini.it\/liturgia\/wp-json\/wp\/v2\/pages\/40"}],"wp:attachment":[{"href":"https:\/\/chiesa.rimini.it\/liturgia\/wp-json\/wp\/v2\/media?parent=187"}],"curies":[{"name":"wp","href":"https:\/\/api.w.org\/{rel}","templated":true}]}}